{"id":172,"date":"2017-06-21T10:43:57","date_gmt":"2017-06-21T08:43:57","guid":{"rendered":"http:\/\/www.ecoquartier-strasbourg.fr\/?page_id=172"},"modified":"2020-05-29T23:55:06","modified_gmt":"2020-05-29T21:55:06","slug":"habitat-participatif","status":"publish","type":"page","link":"https:\/\/www.ecoquartier-strasbourg.fr\/index.php\/habitat-participatif\/","title":{"rendered":"Habitat participatif"},"content":{"rendered":"<div class=\"mpl-content-wrap\"><h2><span class=\"bluesquare\">Autopromotion ? Habitat participatif ?<\/span><\/h2>\n<p>Deux concepts qui traduisent une m\u00eame id\u00e9e : s\u2019approprier \u00e0 part enti\u00e8re la construction de son logement dans le cadre d\u2019un habitat collectif. Un groupe de citoyens devient alors Ma\u00eetre d\u2019Ouvrage et construit ou r\u00e9nove un ensemble de logements, s&rsquo;impliquant dans son projet de la conception \u00e0 la r\u00e9alisation effective.<\/p>\n<p><img decoding=\"async\" loading=\"lazy\" class=\"aligncenter size-large wp-image-428\" src=\"http:\/\/www.ecoquartier-strasbourg.fr\/wp-content\/uploads\/2017\/06\/De\u0301finition-de-lHP-1024x891.png\" alt=\"\" width=\"900\" height=\"783\" srcset=\"https:\/\/www.ecoquartier-strasbourg.fr\/wp-content\/uploads\/2017\/06\/De\u0301finition-de-lHP-1024x891.png 1024w, https:\/\/www.ecoquartier-strasbourg.fr\/wp-content\/uploads\/2017\/06\/De\u0301finition-de-lHP-300x261.png 300w, https:\/\/www.ecoquartier-strasbourg.fr\/wp-content\/uploads\/2017\/06\/De\u0301finition-de-lHP-768x668.png 768w, https:\/\/www.ecoquartier-strasbourg.fr\/wp-content\/uploads\/2017\/06\/De\u0301finition-de-lHP-150x130.png 150w\" sizes=\"(max-width: 900px) 100vw, 900px\" \/><\/p>\n<p>Cette alternative \u00e0 la promotion priv\u00e9e ou sociale et \u00e0 l\u2019habitat individuel est une mani\u00e8re plus qualitative, plus \u00e9conomique et plus durable de fabriquer de l\u2019urbain mixte avec un voisinage convivial et harmonieux, o\u00f9 chacun trouvera un espace de vie et\/ou de travail correspondant \u00e0 ses aspirations et \u00e0 ses moyens.<\/p>\n<p>Aujourd&rsquo;hui, le principe de l&rsquo;autopromotion s&rsquo;est \u00e9tendu \u00e0 la notion d&rsquo;habitat participatif et de nouveaux partenaires ont rejoint cette dynamique : la Ville de Strasbourg, la SERS, Habitat de l&rsquo;Ill et le CAUE du Bas-Rhin. Depuis 2012, l&rsquo;association Eco-Quartier Strasbourg travaille de concert avec la Ville pour assurer l&rsquo;accompagnement des groupes d&rsquo;autopromotion et d&rsquo;habitat participatif de Strasbourg.<\/p>\n<h2><span class=\"bluesquare\">Vous \u00eates int\u00e9ress\u00e9s par la question ?<\/span><\/h2>\n<p>Un <a href=\"https:\/\/habitatparticipatif.strasbourg.eu\/\"><span style=\"text-decoration: underline;\">site internet unique<\/span><\/a> pour d\u00e9couvrir, explorer et rejoindre des projets d\u2019habitat participatif sur Strasbourg et sa r\u00e9gion a \u00e9t\u00e9 lanc\u00e9 :<\/p>\n<pre style=\"text-align: center;\"><span style=\"color: #0000ff;\"><strong><a style=\"color: #0000ff;\" href=\"http:\/\/www.habitatparticipatif.strasbourg.eu\">www.habitatparticipatif.strasbourg.eu<\/a><\/strong><\/span><\/pre>\n<p>Vous y trouverez\u00a0: la <a href=\"https:\/\/habitatparticipatif.strasbourg.eu\/se-lancer\/bourse-aux-projets\/\">bourse aux projets<\/a>, les <a href=\"https:\/\/habitatparticipatif.strasbourg.eu\/actualites\/\">actualit\u00e9s<\/a>, les <a href=\"https:\/\/habitatparticipatif.strasbourg.eu\/explorer\/projets\/\">projets<\/a> existants, des <a href=\"https:\/\/habitatparticipatif.strasbourg.eu\/se-lancer\/outils-methodologiques\/\">outils<\/a>, et bien s\u00fbr, des explications sur l\u2019habitat participatif dans toute sa diversit\u00e9.<\/p>\n<p>Ecoquartier Strasbourg organise r\u00e9guli\u00e8rement des Stammtisch \u00ab\u00a0d\u00e9couverte de l&rsquo;habitat participatif\u00a0\u00bb afin de pr\u00e9senter aux curieux et curieuses l&rsquo;habitat participatif et d\u00e9couvrir les projets en cours. Retrouvez les informations dans l&rsquo;onglet <a href=\"http:\/\/www.ecoquartier-strasbourg.fr\/index.php\/evenement\/\">\u00e9v\u00e9nements<\/a>.<\/p>\n<p><strong>Contactez-nous pour plus d&rsquo;information :<\/strong> association@ecoquartier-strasbourg.fr<\/p>\n<h2><span class=\"bluesquare\">Et pour (re)d\u00e9couvrir en vid\u00e9o cette th\u00e9matique&#8230;<\/span><\/h2>\n<p>Pr\u00e9sentation de l&rsquo;habitat participatif, retours d&rsquo;exp\u00e9rience d&rsquo;habitants d&rsquo;immeubles en habitat participatif: TERRA ARTE \u00e0 Bayonne, D\u00d4MAN \u00e0 Bill\u00e8re (vers Pau).<iframe loading=\"lazy\" src=\"https:\/\/player.vimeo.com\/video\/202005259?color=ff0179&amp;title=0&amp;byline=0&amp;portrait=0\" width=\"640\" height=\"360\" frameborder=\"0\" allowfullscreen=\"allowfullscreen\"><\/iframe><br \/>\n<a href=\"https:\/\/vimeo.com\/202005259\">L&rsquo;habitat participatif, c&rsquo;est quoi?<\/a> de <a href=\"https:\/\/vimeo.com\/lautretv\">Julie Gallais<\/a> on <a href=\"https:\/\/vimeo.com\">Vimeo<\/a>.<\/p>\n<div class=\"entry\">Reportage sur l\u2019habitat participatif, et en particulier \u00e0 Strasbourg :<\/div>\n<div class=\"entry\">K&rsquo;Hutte, Ecologis&#8230;<\/div>\n<div class=\"entry\"><iframe loading=\"lazy\" src=\"\/\/embedftv-a.akamaihd.net\/563a4fc988108bb5ceedd5444a28e968\" width=\"544\" height=\"306\" frameborder=\"0\" scrolling=\"no\" allowfullscreen=\"allowfullscreen\"><\/iframe><br \/>\n<a href=\"http:\/\/www.france2.fr\/emissions\/tout-compte-fait\/videos\/habitat_partage_bienvenue_dans_un_monde_appart_12-09-2015_923401\" target=\"_blank\" rel=\"noopener noreferrer\">Habitat partag\u00e9, bienvenue dans un monde appart\u2019<\/a><\/div>\n<\/div>","protected":false},"excerpt":{"rendered":"<p>Autopromotion ? Habitat participatif ? Deux concepts qui traduisent une m\u00eame id\u00e9e : s\u2019approprier \u00e0 part enti\u00e8re la construction de son logement dans le cadre d\u2019un habitat collectif. Un groupe de citoyens devient alors Ma\u00eetre d\u2019Ouvrage et construit ou r\u00e9nove un ensemble de logements, s&rsquo;impliquant dans son projet de la\u2026<\/p>\n<p> <a class=\"continue-reading-link\" href=\"https:\/\/www.ecoquartier-strasbourg.fr\/index.php\/habitat-participatif\/\"><span>Lire la suite<\/span><i class=\"crycon-right-dir\"><\/i><\/a> <\/p>\n","protected":false},"author":1,"featured_media":0,"parent":0,"menu_order":0,"comment_status":"closed","ping_status":"closed","template":"","meta":{"footnotes":""},"yoast_head":"<!-- This site is optimized with the Yoast SEO plugin v22.6 - https:\/\/yoast.com\/wordpress\/plugins\/seo\/ -->\n<title>Habitat participatif - Eco-quartier Strasbourg<\/title>\n<meta name=\"robots\" content=\"index, follow, max-snippet:-1, max-image-preview:large, max-video-preview:-1\" \/>\n<link rel=\"canonical\" href=\"https:\/\/www.ecoquartier-strasbourg.fr\/index.php\/habitat-participatif\/\" \/>\n<meta property=\"og:locale\" content=\"fr_FR\" \/>\n<meta property=\"og:type\" content=\"article\" \/>\n<meta property=\"og:title\" content=\"Habitat participatif - Eco-quartier Strasbourg\" \/>\n<meta property=\"og:description\" content=\"Autopromotion ? Habitat participatif ? Deux concepts qui traduisent une m\u00eame id\u00e9e : s\u2019approprier \u00e0 part enti\u00e8re la construction de son logement dans le cadre d\u2019un habitat collectif. Un groupe de citoyens devient alors Ma\u00eetre d\u2019Ouvrage et construit ou r\u00e9nove un ensemble de logements, s&rsquo;impliquant dans son projet de la\u2026 Lire la suite\" \/>\n<meta property=\"og:url\" content=\"https:\/\/www.ecoquartier-strasbourg.fr\/index.php\/habitat-participatif\/\" \/>\n<meta property=\"og:site_name\" content=\"Eco-quartier Strasbourg\" \/>\n<meta property=\"article:publisher\" content=\"https:\/\/www.facebook.com\/ecoquartierstras\/\" \/>\n<meta property=\"article:modified_time\" content=\"2020-05-29T21:55:06+00:00\" \/>\n<meta name=\"twitter:card\" content=\"summary_large_image\" \/>\n<meta name=\"twitter:label1\" content=\"Dur\u00e9e de lecture estim\u00e9e\" \/>\n\t<meta name=\"twitter:data1\" content=\"2 minutes\" \/>\n<script type=\"application\/ld+json\" class=\"yoast-schema-graph\">{\"@context\":\"https:\/\/schema.org\",\"@graph\":[{\"@type\":\"WebPage\",\"@id\":\"https:\/\/www.ecoquartier-strasbourg.fr\/index.php\/habitat-participatif\/\",\"url\":\"https:\/\/www.ecoquartier-strasbourg.fr\/index.php\/habitat-participatif\/\",\"name\":\"Habitat participatif - Eco-quartier Strasbourg\",\"isPartOf\":{\"@id\":\"http:\/\/www.ecoquartier-strasbourg.fr\/#website\"},\"datePublished\":\"2017-06-21T08:43:57+00:00\",\"dateModified\":\"2020-05-29T21:55:06+00:00\",\"breadcrumb\":{\"@id\":\"https:\/\/www.ecoquartier-strasbourg.fr\/index.php\/habitat-participatif\/#breadcrumb\"},\"inLanguage\":\"fr-FR\",\"potentialAction\":[{\"@type\":\"ReadAction\",\"target\":[\"https:\/\/www.ecoquartier-strasbourg.fr\/index.php\/habitat-participatif\/\"]}]},{\"@type\":\"BreadcrumbList\",\"@id\":\"https:\/\/www.ecoquartier-strasbourg.fr\/index.php\/habitat-participatif\/#breadcrumb\",\"itemListElement\":[{\"@type\":\"ListItem\",\"position\":1,\"name\":\"Accueil\",\"item\":\"http:\/\/www.ecoquartier-strasbourg.fr\/\"},{\"@type\":\"ListItem\",\"position\":2,\"name\":\"Habitat participatif\"}]},{\"@type\":\"WebSite\",\"@id\":\"http:\/\/www.ecoquartier-strasbourg.fr\/#website\",\"url\":\"http:\/\/www.ecoquartier-strasbourg.fr\/\",\"name\":\"Eco-quartier Strasbourg\",\"description\":\"association citoyenne pour un mode de vie durable et \u00e9conome en ressources\",\"publisher\":{\"@id\":\"http:\/\/www.ecoquartier-strasbourg.fr\/#organization\"},\"potentialAction\":[{\"@type\":\"SearchAction\",\"target\":{\"@type\":\"EntryPoint\",\"urlTemplate\":\"http:\/\/www.ecoquartier-strasbourg.fr\/?s={search_term_string}\"},\"query-input\":\"required name=search_term_string\"}],\"inLanguage\":\"fr-FR\"},{\"@type\":\"Organization\",\"@id\":\"http:\/\/www.ecoquartier-strasbourg.fr\/#organization\",\"name\":\"Eco-Quartier Strasbourg\",\"url\":\"http:\/\/www.ecoquartier-strasbourg.fr\/\",\"logo\":{\"@type\":\"ImageObject\",\"inLanguage\":\"fr-FR\",\"@id\":\"http:\/\/www.ecoquartier-strasbourg.fr\/#\/schema\/logo\/image\/\",\"url\":\"https:\/\/www.ecoquartier-strasbourg.fr\/wp-content\/uploads\/2017\/06\/ROND-LOGO-EQS.png\",\"contentUrl\":\"https:\/\/www.ecoquartier-strasbourg.fr\/wp-content\/uploads\/2017\/06\/ROND-LOGO-EQS.png\",\"width\":284,\"height\":283,\"caption\":\"Eco-Quartier Strasbourg\"},\"image\":{\"@id\":\"http:\/\/www.ecoquartier-strasbourg.fr\/#\/schema\/logo\/image\/\"},\"sameAs\":[\"https:\/\/www.facebook.com\/ecoquartierstras\/\",\"https:\/\/www.youtube.com\/channel\/UCiBoGfYTElpjX9ESJJPeY3g\/playlists\"]}]}<\/script>\n<!-- \/ Yoast SEO plugin. -->","yoast_head_json":{"title":"Habitat participatif - Eco-quartier Strasbourg","robots":{"index":"index","follow":"follow","max-snippet":"max-snippet:-1","max-image-preview":"max-image-preview:large","max-video-preview":"max-video-preview:-1"},"canonical":"https:\/\/www.ecoquartier-strasbourg.fr\/index.php\/habitat-participatif\/","og_locale":"fr_FR","og_type":"article","og_title":"Habitat participatif - Eco-quartier Strasbourg","og_description":"Autopromotion ? Habitat participatif ? Deux concepts qui traduisent une m\u00eame id\u00e9e : s\u2019approprier \u00e0 part enti\u00e8re la construction de son logement dans le cadre d\u2019un habitat collectif. Un groupe de citoyens devient alors Ma\u00eetre d\u2019Ouvrage et construit ou r\u00e9nove un ensemble de logements, s&rsquo;impliquant dans son projet de la\u2026 Lire la suite","og_url":"https:\/\/www.ecoquartier-strasbourg.fr\/index.php\/habitat-participatif\/","og_site_name":"Eco-quartier Strasbourg","article_publisher":"https:\/\/www.facebook.com\/ecoquartierstras\/","article_modified_time":"2020-05-29T21:55:06+00:00","twitter_card":"summary_large_image","twitter_misc":{"Dur\u00e9e de lecture estim\u00e9e":"2 minutes"},"schema":{"@context":"https:\/\/schema.org","@graph":[{"@type":"WebPage","@id":"https:\/\/www.ecoquartier-strasbourg.fr\/index.php\/habitat-participatif\/","url":"https:\/\/www.ecoquartier-strasbourg.fr\/index.php\/habitat-participatif\/","name":"Habitat participatif - Eco-quartier Strasbourg","isPartOf":{"@id":"http:\/\/www.ecoquartier-strasbourg.fr\/#website"},"datePublished":"2017-06-21T08:43:57+00:00","dateModified":"2020-05-29T21:55:06+00:00","breadcrumb":{"@id":"https:\/\/www.ecoquartier-strasbourg.fr\/index.php\/habitat-participatif\/#breadcrumb"},"inLanguage":"fr-FR","potentialAction":[{"@type":"ReadAction","target":["https:\/\/www.ecoquartier-strasbourg.fr\/index.php\/habitat-participatif\/"]}]},{"@type":"BreadcrumbList","@id":"https:\/\/www.ecoquartier-strasbourg.fr\/index.php\/habitat-participatif\/#breadcrumb","itemListElement":[{"@type":"ListItem","position":1,"name":"Accueil","item":"http:\/\/www.ecoquartier-strasbourg.fr\/"},{"@type":"ListItem","position":2,"name":"Habitat participatif"}]},{"@type":"WebSite","@id":"http:\/\/www.ecoquartier-strasbourg.fr\/#website","url":"http:\/\/www.ecoquartier-strasbourg.fr\/","name":"Eco-quartier Strasbourg","description":"association citoyenne pour un mode de vie durable et \u00e9conome en ressources","publisher":{"@id":"http:\/\/www.ecoquartier-strasbourg.fr\/#organization"},"potentialAction":[{"@type":"SearchAction","target":{"@type":"EntryPoint","urlTemplate":"http:\/\/www.ecoquartier-strasbourg.fr\/?s={search_term_string}"},"query-input":"required name=search_term_string"}],"inLanguage":"fr-FR"},{"@type":"Organization","@id":"http:\/\/www.ecoquartier-strasbourg.fr\/#organization","name":"Eco-Quartier Strasbourg","url":"http:\/\/www.ecoquartier-strasbourg.fr\/","logo":{"@type":"ImageObject","inLanguage":"fr-FR","@id":"http:\/\/www.ecoquartier-strasbourg.fr\/#\/schema\/logo\/image\/","url":"https:\/\/www.ecoquartier-strasbourg.fr\/wp-content\/uploads\/2017\/06\/ROND-LOGO-EQS.png","contentUrl":"https:\/\/www.ecoquartier-strasbourg.fr\/wp-content\/uploads\/2017\/06\/ROND-LOGO-EQS.png","width":284,"height":283,"caption":"Eco-Quartier Strasbourg"},"image":{"@id":"http:\/\/www.ecoquartier-strasbourg.fr\/#\/schema\/logo\/image\/"},"sameAs":["https:\/\/www.facebook.com\/ecoquartierstras\/","https:\/\/www.youtube.com\/channel\/UCiBoGfYTElpjX9ESJJPeY3g\/playlists"]}]}},"_links":{"self":[{"href":"https:\/\/www.ecoquartier-strasbourg.fr\/index.php\/wp-json\/wp\/v2\/pages\/172"}],"collection":[{"href":"https:\/\/www.ecoquartier-strasbourg.fr\/index.php\/wp-json\/wp\/v2\/pages"}],"about":[{"href":"https:\/\/www.ecoquartier-strasbourg.fr\/index.php\/wp-json\/wp\/v2\/types\/page"}],"author":[{"embeddable":true,"href":"https:\/\/www.ecoquartier-strasbourg.fr\/index.php\/wp-json\/wp\/v2\/users\/1"}],"replies":[{"embeddable":true,"href":"https:\/\/www.ecoquartier-strasbourg.fr\/index.php\/wp-json\/wp\/v2\/comments?post=172"}],"version-history":[{"count":26,"href":"https:\/\/www.ecoquartier-strasbourg.fr\/index.php\/wp-json\/wp\/v2\/pages\/172\/revisions"}],"predecessor-version":[{"id":989,"href":"https:\/\/www.ecoquartier-strasbourg.fr\/index.php\/wp-json\/wp\/v2\/pages\/172\/revisions\/989"}],"wp:attachment":[{"href":"https:\/\/www.ecoquartier-strasbourg.fr\/index.php\/wp-json\/wp\/v2\/media?parent=172"}],"curies":[{"name":"wp","href":"https:\/\/api.w.org\/{rel}","templated":true}]}}