{"id":171,"date":"2017-06-21T10:43:57","date_gmt":"2017-06-21T08:43:57","guid":{"rendered":"http:\/\/www.ecoquartier-strasbourg.fr\/?page_id=171"},"modified":"2018-01-24T21:38:14","modified_gmt":"2018-01-24T20:38:14","slug":"initiatives-citoyennes","status":"publish","type":"page","link":"https:\/\/www.ecoquartier-strasbourg.fr\/index.php\/initiatives-citoyennes\/","title":{"rendered":"Initiatives Citoyennes"},"content":{"rendered":"<div class=\"mpl-content-wrap\"><h1>Promouvoir les id\u00e9es et projets citoyens<\/h1>\n<p>L&rsquo;objectif du coll\u00e8ge \u00ab <strong>Terrain(s) d\u2019initiatives citoyennes<\/strong> \u00bb de l\u2019association Eco-Quartier Strasbourg est de soutenir l&rsquo;\u00e9mergence de projets citoyens \u0153uvrant vers une soci\u00e9t\u00e9 avec plus de lien et d&rsquo;\u00e9cologie. Elle joue ainsi le r\u00f4le d&rsquo;incubateur de projets.<\/p>\n<p><a href=\"http:\/\/maison-citoyenne.org\/\"><img decoding=\"async\" loading=\"lazy\" class=\"alignleft wp-image-309\" src=\"http:\/\/www.ecoquartier-strasbourg.fr\/wp-content\/uploads\/2017\/06\/LOGO_MC-829x1024.png\" alt=\"\" width=\"138\" height=\"171\" srcset=\"https:\/\/www.ecoquartier-strasbourg.fr\/wp-content\/uploads\/2017\/06\/LOGO_MC-829x1024.png 829w, https:\/\/www.ecoquartier-strasbourg.fr\/wp-content\/uploads\/2017\/06\/LOGO_MC-243x300.png 243w, https:\/\/www.ecoquartier-strasbourg.fr\/wp-content\/uploads\/2017\/06\/LOGO_MC-768x948.png 768w, https:\/\/www.ecoquartier-strasbourg.fr\/wp-content\/uploads\/2017\/06\/LOGO_MC-122x150.png 122w, https:\/\/www.ecoquartier-strasbourg.fr\/wp-content\/uploads\/2017\/06\/LOGO_MC.png 1181w\" sizes=\"(max-width: 138px) 100vw, 138px\" \/><\/a>Depuis d\u00e9but 2015, l&rsquo;association porte le projet de la \u00ab\u00a0Maison Citoyenne\u00a0\u00bb : la cr\u00e9ation d&rsquo;un lieu de rencontre et de partage, dans le quartier du Neudorf, dans une d\u00e9marche participative.<\/p>\n<p>Plus d&rsquo;info sur&#8230;<br \/>\n<a href=\"http:\/\/www.maison-citoyenne.org\"> www.maison-citoyenne.org<\/a><br \/>\n<a href=\"http:\/\/www.facebook.com\/lieucitoyen\">www.facebook.com\/lieucitoyen<\/a><\/p>\n<p>&nbsp;<\/p>\n<p><img decoding=\"async\" loading=\"lazy\" class=\"aligncenter wp-image-395\" src=\"http:\/\/www.ecoquartier-strasbourg.fr\/wp-content\/uploads\/2017\/06\/MC_2016-1024x536.jpg\" alt=\"\" width=\"732\" height=\"383\" srcset=\"https:\/\/www.ecoquartier-strasbourg.fr\/wp-content\/uploads\/2017\/06\/MC_2016-1024x536.jpg 1024w, https:\/\/www.ecoquartier-strasbourg.fr\/wp-content\/uploads\/2017\/06\/MC_2016-300x157.jpg 300w, https:\/\/www.ecoquartier-strasbourg.fr\/wp-content\/uploads\/2017\/06\/MC_2016-768x402.jpg 768w, https:\/\/www.ecoquartier-strasbourg.fr\/wp-content\/uploads\/2017\/06\/MC_2016-150x79.jpg 150w\" sizes=\"(max-width: 732px) 100vw, 732px\" \/><\/p>\n<p><img decoding=\"async\" loading=\"lazy\" class=\"aligncenter wp-image-304\" src=\"http:\/\/www.ecoquartier-strasbourg.fr\/wp-content\/uploads\/2017\/06\/espaces-exterMC-1024x683.jpg\" alt=\"\" width=\"652\" height=\"420\" \/><br \/>\nCette maison citoyenne aura pour vocation d&rsquo;\u00eatre :<br \/>\n\u2013 un <strong>lieu convivial de proximit\u00e9<\/strong> \u00e0 l\u2019usage des habitant-e-s, des associations, des collectifs de citoyen-ne-s, des structures de l\u2019ESS (\u00c9conomie Sociale et Solidaire), pour d\u00e9velopper de nouvelles actions en mati\u00e8re de citoyennet\u00e9, de culture, d\u2019\u00e9change, de savoirs, de consommation, de travail, d\u2019\u00e9ducation\u2026<br \/>\n\u2013 un lieu permettant le <strong>partage d\u2019initiatives positives<\/strong>, des animations bas\u00e9es sur la <strong>p\u00e9dagogie par l\u2019exemple<\/strong> et l\u2019accueil de <strong>formations<\/strong> ou d\u2019<strong>animations d\u2019\u00e9ducation populaire<\/strong>.<br \/>\n\u2013 un lieu qui offre des conditions mat\u00e9rielles et humaines favorables au <strong>d\u00e9veloppement de projets et d\u2019initiatives citoyennes<\/strong>.<\/p>\n<p>Actuellement propri\u00e9t\u00e9 de la SERS (am\u00e9nageur de la ville de Strasbourg), elle est en chantier (gr\u00e2ce notamment \u00e0 nos nombreux et sympathiques b\u00e9n\u00e9voles !) en attendant d&rsquo;\u00eatre pr\u00eate pour commencer \u00e0 accueillir du public !<\/p>\n<p style=\"text-align: center;\">&#8212;&#8212;&#8212;&#8212;&#8212;&#8212;&#8212;&#8212;&#8212;&#8212;&#8211;<\/p>\n<p><a href=\"http:\/\/www.lestuck.eu\"><img decoding=\"async\" loading=\"lazy\" class=\"alignleft wp-image-308\" src=\"http:\/\/www.ecoquartier-strasbourg.fr\/wp-content\/uploads\/2017\/06\/Capture-d\u2019e\u0301cran-2017-08-12-a\u0300-18.47.27.png\" alt=\"\" width=\"179\" height=\"189\" srcset=\"https:\/\/www.ecoquartier-strasbourg.fr\/wp-content\/uploads\/2017\/06\/Capture-d\u2019e\u0301cran-2017-08-12-a\u0300-18.47.27.png 364w, https:\/\/www.ecoquartier-strasbourg.fr\/wp-content\/uploads\/2017\/06\/Capture-d\u2019e\u0301cran-2017-08-12-a\u0300-18.47.27-284x300.png 284w, https:\/\/www.ecoquartier-strasbourg.fr\/wp-content\/uploads\/2017\/06\/Capture-d\u2019e\u0301cran-2017-08-12-a\u0300-18.47.27-142x150.png 142w\" sizes=\"(max-width: 179px) 100vw, 179px\" \/><\/a><\/p>\n<p>M\u00fbri au sein d&rsquo;Eco-Quartier Strasbourg en 2013, en collaboration avec Colibri 67, le projet de Monnaie locale Compl\u00e9mentaire a pris son envol et se d\u00e9veloppe depuis fin 2014 gr\u00e2ce \u00e0 l&rsquo;association \u00ab\u00a0Le St\u00fcck\u00a0\u00bb.<\/p>\n<p>Plus d&rsquo;info sur&#8230;<br \/>\n<a href=\"http:\/\/www.lestuck.eu\">www.lestuck.eu<\/a><br \/>\n<a href=\"http:\/\/www.facebook.com\/lestuckstrasbourg\"> www.facebook.com\/lestuckstrasbourg<\/a><\/p>\n<p>&nbsp;<\/p>\n<\/div>","protected":false},"excerpt":{"rendered":"<p>Promouvoir les id\u00e9es et projets citoyens L&rsquo;objectif du coll\u00e8ge \u00ab Terrain(s) d\u2019initiatives citoyennes \u00bb de l\u2019association Eco-Quartier Strasbourg est de soutenir l&rsquo;\u00e9mergence de projets citoyens \u0153uvrant vers une soci\u00e9t\u00e9 avec plus de lien et d&rsquo;\u00e9cologie. Elle joue ainsi le r\u00f4le d&rsquo;incubateur de projets. Depuis d\u00e9but 2015, l&rsquo;association porte le projet\u2026<\/p>\n<p> <a class=\"continue-reading-link\" href=\"https:\/\/www.ecoquartier-strasbourg.fr\/index.php\/initiatives-citoyennes\/\"><span>Lire la suite<\/span><i class=\"crycon-right-dir\"><\/i><\/a> <\/p>\n","protected":false},"author":1,"featured_media":0,"parent":0,"menu_order":0,"comment_status":"closed","ping_status":"closed","template":"","meta":{"footnotes":""},"yoast_head":"<!-- This site is optimized with the Yoast SEO plugin v22.6 - https:\/\/yoast.com\/wordpress\/plugins\/seo\/ -->\n<title>Initiatives Citoyennes - Eco-quartier Strasbourg<\/title>\n<meta name=\"robots\" content=\"index, follow, max-snippet:-1, max-image-preview:large, max-video-preview:-1\" \/>\n<link rel=\"canonical\" href=\"https:\/\/www.ecoquartier-strasbourg.fr\/index.php\/initiatives-citoyennes\/\" \/>\n<meta property=\"og:locale\" content=\"fr_FR\" \/>\n<meta property=\"og:type\" content=\"article\" \/>\n<meta property=\"og:title\" content=\"Initiatives Citoyennes - Eco-quartier Strasbourg\" \/>\n<meta property=\"og:description\" content=\"Promouvoir les id\u00e9es et projets citoyens L&rsquo;objectif du coll\u00e8ge \u00ab Terrain(s) d\u2019initiatives citoyennes \u00bb de l\u2019association Eco-Quartier Strasbourg est de soutenir l&rsquo;\u00e9mergence de projets citoyens \u0153uvrant vers une soci\u00e9t\u00e9 avec plus de lien et d&rsquo;\u00e9cologie. Elle joue ainsi le r\u00f4le d&rsquo;incubateur de projets. Depuis d\u00e9but 2015, l&rsquo;association porte le projet\u2026 Lire la suite\" \/>\n<meta property=\"og:url\" content=\"https:\/\/www.ecoquartier-strasbourg.fr\/index.php\/initiatives-citoyennes\/\" \/>\n<meta property=\"og:site_name\" content=\"Eco-quartier Strasbourg\" \/>\n<meta property=\"article:publisher\" content=\"https:\/\/www.facebook.com\/ecoquartierstras\/\" \/>\n<meta property=\"article:modified_time\" content=\"2018-01-24T20:38:14+00:00\" \/>\n<meta property=\"og:image\" content=\"http:\/\/www.ecoquartier-strasbourg.fr\/wp-content\/uploads\/2017\/06\/LOGO_MC-829x1024.png\" \/>\n<meta name=\"twitter:card\" content=\"summary_large_image\" \/>\n<meta name=\"twitter:label1\" content=\"Dur\u00e9e de lecture estim\u00e9e\" \/>\n\t<meta name=\"twitter:data1\" content=\"1 minute\" \/>\n<script type=\"application\/ld+json\" class=\"yoast-schema-graph\">{\"@context\":\"https:\/\/schema.org\",\"@graph\":[{\"@type\":\"WebPage\",\"@id\":\"https:\/\/www.ecoquartier-strasbourg.fr\/index.php\/initiatives-citoyennes\/\",\"url\":\"https:\/\/www.ecoquartier-strasbourg.fr\/index.php\/initiatives-citoyennes\/\",\"name\":\"Initiatives Citoyennes - Eco-quartier Strasbourg\",\"isPartOf\":{\"@id\":\"http:\/\/www.ecoquartier-strasbourg.fr\/#website\"},\"primaryImageOfPage\":{\"@id\":\"https:\/\/www.ecoquartier-strasbourg.fr\/index.php\/initiatives-citoyennes\/#primaryimage\"},\"image\":{\"@id\":\"https:\/\/www.ecoquartier-strasbourg.fr\/index.php\/initiatives-citoyennes\/#primaryimage\"},\"thumbnailUrl\":\"http:\/\/www.ecoquartier-strasbourg.fr\/wp-content\/uploads\/2017\/06\/LOGO_MC-829x1024.png\",\"datePublished\":\"2017-06-21T08:43:57+00:00\",\"dateModified\":\"2018-01-24T20:38:14+00:00\",\"breadcrumb\":{\"@id\":\"https:\/\/www.ecoquartier-strasbourg.fr\/index.php\/initiatives-citoyennes\/#breadcrumb\"},\"inLanguage\":\"fr-FR\",\"potentialAction\":[{\"@type\":\"ReadAction\",\"target\":[\"https:\/\/www.ecoquartier-strasbourg.fr\/index.php\/initiatives-citoyennes\/\"]}]},{\"@type\":\"ImageObject\",\"inLanguage\":\"fr-FR\",\"@id\":\"https:\/\/www.ecoquartier-strasbourg.fr\/index.php\/initiatives-citoyennes\/#primaryimage\",\"url\":\"https:\/\/www.ecoquartier-strasbourg.fr\/wp-content\/uploads\/2017\/06\/LOGO_MC.png\",\"contentUrl\":\"https:\/\/www.ecoquartier-strasbourg.fr\/wp-content\/uploads\/2017\/06\/LOGO_MC.png\",\"width\":1181,\"height\":1458},{\"@type\":\"BreadcrumbList\",\"@id\":\"https:\/\/www.ecoquartier-strasbourg.fr\/index.php\/initiatives-citoyennes\/#breadcrumb\",\"itemListElement\":[{\"@type\":\"ListItem\",\"position\":1,\"name\":\"Accueil\",\"item\":\"http:\/\/www.ecoquartier-strasbourg.fr\/\"},{\"@type\":\"ListItem\",\"position\":2,\"name\":\"Initiatives Citoyennes\"}]},{\"@type\":\"WebSite\",\"@id\":\"http:\/\/www.ecoquartier-strasbourg.fr\/#website\",\"url\":\"http:\/\/www.ecoquartier-strasbourg.fr\/\",\"name\":\"Eco-quartier Strasbourg\",\"description\":\"association citoyenne pour un mode de vie durable et \u00e9conome en ressources\",\"publisher\":{\"@id\":\"http:\/\/www.ecoquartier-strasbourg.fr\/#organization\"},\"potentialAction\":[{\"@type\":\"SearchAction\",\"target\":{\"@type\":\"EntryPoint\",\"urlTemplate\":\"http:\/\/www.ecoquartier-strasbourg.fr\/?s={search_term_string}\"},\"query-input\":\"required name=search_term_string\"}],\"inLanguage\":\"fr-FR\"},{\"@type\":\"Organization\",\"@id\":\"http:\/\/www.ecoquartier-strasbourg.fr\/#organization\",\"name\":\"Eco-Quartier Strasbourg\",\"url\":\"http:\/\/www.ecoquartier-strasbourg.fr\/\",\"logo\":{\"@type\":\"ImageObject\",\"inLanguage\":\"fr-FR\",\"@id\":\"http:\/\/www.ecoquartier-strasbourg.fr\/#\/schema\/logo\/image\/\",\"url\":\"https:\/\/www.ecoquartier-strasbourg.fr\/wp-content\/uploads\/2017\/06\/ROND-LOGO-EQS.png\",\"contentUrl\":\"https:\/\/www.ecoquartier-strasbourg.fr\/wp-content\/uploads\/2017\/06\/ROND-LOGO-EQS.png\",\"width\":284,\"height\":283,\"caption\":\"Eco-Quartier Strasbourg\"},\"image\":{\"@id\":\"http:\/\/www.ecoquartier-strasbourg.fr\/#\/schema\/logo\/image\/\"},\"sameAs\":[\"https:\/\/www.facebook.com\/ecoquartierstras\/\",\"https:\/\/www.youtube.com\/channel\/UCiBoGfYTElpjX9ESJJPeY3g\/playlists\"]}]}<\/script>\n<!-- \/ Yoast SEO plugin. -->","yoast_head_json":{"title":"Initiatives Citoyennes - Eco-quartier Strasbourg","robots":{"index":"index","follow":"follow","max-snippet":"max-snippet:-1","max-image-preview":"max-image-preview:large","max-video-preview":"max-video-preview:-1"},"canonical":"https:\/\/www.ecoquartier-strasbourg.fr\/index.php\/initiatives-citoyennes\/","og_locale":"fr_FR","og_type":"article","og_title":"Initiatives Citoyennes - Eco-quartier Strasbourg","og_description":"Promouvoir les id\u00e9es et projets citoyens L&rsquo;objectif du coll\u00e8ge \u00ab Terrain(s) d\u2019initiatives citoyennes \u00bb de l\u2019association Eco-Quartier Strasbourg est de soutenir l&rsquo;\u00e9mergence de projets citoyens \u0153uvrant vers une soci\u00e9t\u00e9 avec plus de lien et d&rsquo;\u00e9cologie. Elle joue ainsi le r\u00f4le d&rsquo;incubateur de projets. Depuis d\u00e9but 2015, l&rsquo;association porte le projet\u2026 Lire la suite","og_url":"https:\/\/www.ecoquartier-strasbourg.fr\/index.php\/initiatives-citoyennes\/","og_site_name":"Eco-quartier Strasbourg","article_publisher":"https:\/\/www.facebook.com\/ecoquartierstras\/","article_modified_time":"2018-01-24T20:38:14+00:00","og_image":[{"url":"http:\/\/www.ecoquartier-strasbourg.fr\/wp-content\/uploads\/2017\/06\/LOGO_MC-829x1024.png"}],"twitter_card":"summary_large_image","twitter_misc":{"Dur\u00e9e de lecture estim\u00e9e":"1 minute"},"schema":{"@context":"https:\/\/schema.org","@graph":[{"@type":"WebPage","@id":"https:\/\/www.ecoquartier-strasbourg.fr\/index.php\/initiatives-citoyennes\/","url":"https:\/\/www.ecoquartier-strasbourg.fr\/index.php\/initiatives-citoyennes\/","name":"Initiatives Citoyennes - Eco-quartier Strasbourg","isPartOf":{"@id":"http:\/\/www.ecoquartier-strasbourg.fr\/#website"},"primaryImageOfPage":{"@id":"https:\/\/www.ecoquartier-strasbourg.fr\/index.php\/initiatives-citoyennes\/#primaryimage"},"image":{"@id":"https:\/\/www.ecoquartier-strasbourg.fr\/index.php\/initiatives-citoyennes\/#primaryimage"},"thumbnailUrl":"http:\/\/www.ecoquartier-strasbourg.fr\/wp-content\/uploads\/2017\/06\/LOGO_MC-829x1024.png","datePublished":"2017-06-21T08:43:57+00:00","dateModified":"2018-01-24T20:38:14+00:00","breadcrumb":{"@id":"https:\/\/www.ecoquartier-strasbourg.fr\/index.php\/initiatives-citoyennes\/#breadcrumb"},"inLanguage":"fr-FR","potentialAction":[{"@type":"ReadAction","target":["https:\/\/www.ecoquartier-strasbourg.fr\/index.php\/initiatives-citoyennes\/"]}]},{"@type":"ImageObject","inLanguage":"fr-FR","@id":"https:\/\/www.ecoquartier-strasbourg.fr\/index.php\/initiatives-citoyennes\/#primaryimage","url":"https:\/\/www.ecoquartier-strasbourg.fr\/wp-content\/uploads\/2017\/06\/LOGO_MC.png","contentUrl":"https:\/\/www.ecoquartier-strasbourg.fr\/wp-content\/uploads\/2017\/06\/LOGO_MC.png","width":1181,"height":1458},{"@type":"BreadcrumbList","@id":"https:\/\/www.ecoquartier-strasbourg.fr\/index.php\/initiatives-citoyennes\/#breadcrumb","itemListElement":[{"@type":"ListItem","position":1,"name":"Accueil","item":"http:\/\/www.ecoquartier-strasbourg.fr\/"},{"@type":"ListItem","position":2,"name":"Initiatives Citoyennes"}]},{"@type":"WebSite","@id":"http:\/\/www.ecoquartier-strasbourg.fr\/#website","url":"http:\/\/www.ecoquartier-strasbourg.fr\/","name":"Eco-quartier Strasbourg","description":"association citoyenne pour un mode de vie durable et \u00e9conome en ressources","publisher":{"@id":"http:\/\/www.ecoquartier-strasbourg.fr\/#organization"},"potentialAction":[{"@type":"SearchAction","target":{"@type":"EntryPoint","urlTemplate":"http:\/\/www.ecoquartier-strasbourg.fr\/?s={search_term_string}"},"query-input":"required name=search_term_string"}],"inLanguage":"fr-FR"},{"@type":"Organization","@id":"http:\/\/www.ecoquartier-strasbourg.fr\/#organization","name":"Eco-Quartier Strasbourg","url":"http:\/\/www.ecoquartier-strasbourg.fr\/","logo":{"@type":"ImageObject","inLanguage":"fr-FR","@id":"http:\/\/www.ecoquartier-strasbourg.fr\/#\/schema\/logo\/image\/","url":"https:\/\/www.ecoquartier-strasbourg.fr\/wp-content\/uploads\/2017\/06\/ROND-LOGO-EQS.png","contentUrl":"https:\/\/www.ecoquartier-strasbourg.fr\/wp-content\/uploads\/2017\/06\/ROND-LOGO-EQS.png","width":284,"height":283,"caption":"Eco-Quartier Strasbourg"},"image":{"@id":"http:\/\/www.ecoquartier-strasbourg.fr\/#\/schema\/logo\/image\/"},"sameAs":["https:\/\/www.facebook.com\/ecoquartierstras\/","https:\/\/www.youtube.com\/channel\/UCiBoGfYTElpjX9ESJJPeY3g\/playlists"]}]}},"_links":{"self":[{"href":"https:\/\/www.ecoquartier-strasbourg.fr\/index.php\/wp-json\/wp\/v2\/pages\/171"}],"collection":[{"href":"https:\/\/www.ecoquartier-strasbourg.fr\/index.php\/wp-json\/wp\/v2\/pages"}],"about":[{"href":"https:\/\/www.ecoquartier-strasbourg.fr\/index.php\/wp-json\/wp\/v2\/types\/page"}],"author":[{"embeddable":true,"href":"https:\/\/www.ecoquartier-strasbourg.fr\/index.php\/wp-json\/wp\/v2\/users\/1"}],"replies":[{"embeddable":true,"href":"https:\/\/www.ecoquartier-strasbourg.fr\/index.php\/wp-json\/wp\/v2\/comments?post=171"}],"version-history":[{"count":17,"href":"https:\/\/www.ecoquartier-strasbourg.fr\/index.php\/wp-json\/wp\/v2\/pages\/171\/revisions"}],"predecessor-version":[{"id":781,"href":"https:\/\/www.ecoquartier-strasbourg.fr\/index.php\/wp-json\/wp\/v2\/pages\/171\/revisions\/781"}],"wp:attachment":[{"href":"https:\/\/www.ecoquartier-strasbourg.fr\/index.php\/wp-json\/wp\/v2\/media?parent=171"}],"curies":[{"name":"wp","href":"https:\/\/api.w.org\/{rel}","templated":true}]}}