{"id":170,"date":"2017-06-21T10:43:57","date_gmt":"2017-06-21T08:43:57","guid":{"rendered":"http:\/\/www.ecoquartier-strasbourg.fr\/?page_id=170"},"modified":"2017-09-05T14:30:07","modified_gmt":"2017-09-05T12:30:07","slug":"presse","status":"publish","type":"page","link":"https:\/\/www.ecoquartier-strasbourg.fr\/index.php\/presse\/","title":{"rendered":"Presse"},"content":{"rendered":"<div class=\"mpl-content-wrap\"><h4>La presse parle de nous<\/h4>\n<p><img decoding=\"async\" src=\"http:\/\/ecoquartier-strasbourg.net\/images\/EQS-association\/presse\/icone-web.jpg\" alt=\"alt\" \/> <strong>metropolitiques.eu<\/strong> (06\/02\/2012) : <small><a href=\"http:\/\/www.metropolitiques.eu\/L-invention-de-l-autopromotion-a.html\" target=\"_blank\" rel=\"noopener\">L\u2019invention de l\u2019autopromotion \u00e0 Strasbourg<\/a><\/small><\/p>\n<p>ducotedechezvous<strong>.com<\/strong> (11\/2011) : <small><a href=\"http:\/\/www.ducotedechezvous.com\/modedevie\/Habiter%20autrement\/,1319739400.html\" target=\"_blank\" rel=\"noopener\">Vivre autrement, enqu\u00eate sur les habitats group\u00e9s<\/a><\/small><\/p>\n<p><img decoding=\"async\" src=\"http:\/\/ecoquartier-strasbourg.net\/images\/EQS-association\/presse\/icone-dna.gif\" alt=\"alt\" \/><strong> 28 juin 2011 : Tribune parue dans les Derni\u00e8res Nouvelles d&rsquo;Alsace<\/strong><\/p>\n<p><a href=\"http:\/\/ecoquartier-strasbourg.net\/images\/EQS-association\/presse\/20110628-DNA-Debat-Ecoquartier.jpg\" target=\"_blank\" rel=\"noopener\"><img decoding=\"async\" class=\"tb\" src=\"http:\/\/ecoquartier-strasbourg.net\/images\/EQS-association\/presse\/20110628-DNA-Debat-Ecoquartier.jpg\" alt=\"alt\" \/><\/a><br \/>\n<img decoding=\"async\" loading=\"lazy\" class=\"\" src=\"http:\/\/ecoquartier-strasbourg.net\/images\/EQS-communes\/loupe.gif\" alt=\"alt\" width=\"22\" height=\"21\" \/> cliquer sur l&rsquo;image pour l&rsquo;agrandir<\/p>\n<p><img decoding=\"async\" src=\"http:\/\/www.ecoquartier-strasbourg.net\/images\/EQS-association\/presse\/icone-shizen.gif\" alt=\"alt\" \/> <strong>Juillet-ao\u00fbt 2011 : Dossier \u00ab\u00a0Cohabitat : les nouvelles communaut\u00e9s\u00a0\u00bb du magazine Shi-Zen\u00a0<\/strong> <a href=\"http:\/\/www.ecoquartier-strasbourg.net\/images\/EQS-association\/presse\/201107-Shi-Zen_11_Cohabitat.pdf\" target=\"_blank\" rel=\"noopener\"><img decoding=\"async\" src=\"http:\/\/www.ecoquartier-strasbourg.net\/images\/EQS-association\/presse\/201107-shi-zen_11_cohabitat-preview.jpg\" alt=\"alt\" \/><\/a><\/p>\n<p><img decoding=\"async\" src=\"http:\/\/ecoquartier-strasbourg.net\/images\/EQS-association\/presse\/icone-dna.gif\" alt=\"alt\" \/>\u00a0 Derni\u00e8res Nouvelles d&rsquo;Alsace (07\/07\/2011) : <img decoding=\"async\" class=\"tb\" src=\"http:\/\/ecoquartier-strasbourg.net\/images\/EQS-association\/presse\/20110707-DNA-10ans-Ecoquartier.jpg\" alt=\"alt\" \/><br \/>\nCronenbourg &#8211; 10 ans de l&rsquo;association Ecoquartier : pose de la 1\u00e8re botte de paille<\/p>\n<p><img decoding=\"async\" src=\"http:\/\/ecoquartier-strasbourg.net\/images\/EQS-association\/presse\/icone-web.jpg\" alt=\"alt\" \/> <strong>cafebabel.com<\/strong> (07\/07\/2011) : <small><a href=\"http:\/\/www.cafebabel.fr\/article\/38136\/eco-quartiers-strasbourg-architecture-durable.html\" target=\"_blank\" rel=\"noopener\">\u00c9co-quartiers \u00e0 Strasbourg : l\u2019architecture durable et son lot d\u2019\u00e9chos<\/a><\/small><\/p>\n<p><img decoding=\"async\" src=\"http:\/\/ecoquartier-strasbourg.net\/images\/EQS-association\/presse\/icone-20minutes.jpg\" alt=\"alt\" \/> <strong>30 juin 2011<\/strong> (20 minutes) : <small><a href=\"http:\/\/www.20minutes.fr\/article\/750469\/decennie-inventer-mode-vie\" target=\"_blank\" rel=\"noopener\">Une d\u00e9cennie \u00e0 s&rsquo;inventer un mode de vie<\/a><\/small><\/p>\n<p><img decoding=\"async\" src=\"http:\/\/ecoquartier-strasbourg.net\/images\/EQS-association\/presse\/icone-web.jpg\" alt=\"alt\" \/> cohabitat.fr (14\/04\/2011) : <small><a href=\"http:\/\/cohabitat.fr\/2011\/04\/rencontres-nationales-de-lhabitat-participatif-2010-le-web-reportage\/\" target=\"_blank\" rel=\"noopener\">Rencontres Nationales de l\u2019Habitat Participatif 2010 : le web reportage<\/a><\/small><\/p>\n<p><img decoding=\"async\" src=\"http:\/\/ecoquartier-strasbourg.net\/images\/EQS-association\/presse\/icone-moniteur.gif\" alt=\"alt\" \/> Le Moniteur (12\/11\/2010) : L\u2019autopromotion essaime \u00e0 Strasbourg\u00a0 <a href=\"http:\/\/www.ecoquartier-strasbourg.net\/images\/EQS-association\/presse\/20101112-LeMoniteur-autopromotion.pdf\" target=\"_blank\" rel=\"noopener\"><img decoding=\"async\" src=\"http:\/\/www.ecoquartier-strasbourg.net\/images\/EQS-association\/presse\/20101112-LeMoniteur-autopromotion-preview.jpg\" alt=\"alt\" \/> <img decoding=\"async\" src=\"http:\/\/www.ecoquartier-strasbourg.net\/images\/documentsPDF\/pdf_button.png\" alt=\"alt\" \/><\/a><\/p>\n<p><img decoding=\"async\" src=\"http:\/\/ecoquartier-strasbourg.net\/images\/EQS-association\/presse\/icone-moniteur.gif\" alt=\"alt\" \/> Le Moniteur (13\/12\/2009) : F\u00eate des autopromoteurs strasbourgeois<img decoding=\"async\" class=\"tb\" src=\"http:\/\/ecoquartier-strasbourg.net\/images\/EQS-association\/presse\/20091213-Moniteur.jpg\" alt=\"alt\" \/><\/p>\n<p>Ami Hebdo (06\/12\/2009) : D&rsquo; \u00ab\u00a0Eco-Quartier\u00a0\u00bb \u00e0 un \u00ab\u00a0Eco-Logis\u00a0\u00bb <img decoding=\"async\" class=\"tb\" src=\"http:\/\/ecoquartier-strasbourg.net\/images\/EQS-association\/presse\/2009-12-AmiHebdo-a.jpg\" alt=\"alt\" \/> <img decoding=\"async\" class=\"tb\" src=\"http:\/\/ecoquartier-strasbourg.net\/images\/EQS-association\/presse\/2009-12-AmiHebdo-b.jpg\" alt=\"alt\" \/><\/p>\n<p><img decoding=\"async\" src=\"http:\/\/ecoquartier-strasbourg.net\/images\/EQS-association\/presse\/icone-alfalfa.jpg\" alt=\"alt\" \/> Alfalfa (12\/2009) : Habitat group\u00e9, vers un nouveau lien social <img decoding=\"async\" class=\"tb\" src=\"http:\/\/ecoquartier-strasbourg.net\/images\/EQS-association\/presse\/2009-12-alfalfa.jpg\" alt=\"alt\" \/><\/p>\n<p>Actes du colloque \u00ab\u00a0l&rsquo;architecture dans tous ses \u00e9tages\u00a0\u00bb &#8211; Rennes (12\/2009) : Un habitat \u00e9cologique, Eco-Logis Strasbourg <img decoding=\"async\" class=\"tb\" src=\"http:\/\/ecoquartier-strasbourg.net\/images\/EQS-association\/presse\/2009-12-Colloque-rennes.jpg\" alt=\"alt\" \/><\/p>\n<p><img decoding=\"async\" src=\"http:\/\/ecoquartier-strasbourg.net\/images\/EQS-association\/presse\/icone-20minutes.jpg\" alt=\"alt\" \/> 20 minutes (30\/10\/2009) : L&rsquo;\u00e9coquartier sort petit \u00e0 petit du bois <img decoding=\"async\" class=\"tb\" src=\"http:\/\/ecoquartier-strasbourg.net\/images\/EQS-association\/presse\/20091030-20minutes.jpg\" alt=\"alt\" \/><\/p>\n<p><img decoding=\"async\" src=\"http:\/\/ecoquartier-strasbourg.net\/images\/EQS-association\/presse\/icone-web.jpg\" alt=\"alt\" \/> terraeco.net (27\/10\/2009) : <small><a href=\"http:\/\/www.terraeco.net\/L-habitat-groupe-une-pratique-en,1718.html\" target=\"_blank\" rel=\"noopener\">L\u2019habitat group\u00e9 : une pratique en construction<\/a><\/small><\/p>\n<p><img decoding=\"async\" src=\"http:\/\/ecoquartier-strasbourg.net\/images\/EQS-association\/presse\/icone-JDD.jpg\" alt=\"alt\" \/> Journal du Dimanche (25\/10\/2009) : La douce utopie d&rsquo;Eco-Logis <img decoding=\"async\" class=\"tb\" src=\"http:\/\/ecoquartier-strasbourg.net\/images\/EQS-association\/presse\/20091025-JDD.jpg\" alt=\"alt\" \/><\/p>\n<p><img decoding=\"async\" src=\"http:\/\/ecoquartier-strasbourg.net\/images\/EQS-association\/presse\/icone-web.jpg\" alt=\"alt\" \/> uneassociationparjour.com (15\/10\/2009) : <small><a href=\"http:\/\/www.uneassociationparjour.com\/2009\/10\/lassociation-ecoquartier-strasbourg.html\" target=\"_blank\" rel=\"noopener\">L&rsquo;association \u00ab\u00a0Eco-Quartier Strasbourg\u00a0\u00bb <\/a><\/small><\/p>\n<p><img decoding=\"async\" src=\"http:\/\/ecoquartier-strasbourg.net\/images\/EQS-association\/presse\/icone-web.jpg\" alt=\"alt\" \/> paperblog.fr (01\/10\/2009) : <small><a href=\"http:\/\/www.paperblog.fr\/2358374\/un-immeuble-ecologique-a-strasbourg\/\" target=\"_blank\" rel=\"noopener\">Un immeuble \u00e9cologique \u00e0 Strasbourg&#8230;<\/a><\/small><\/p>\n<p><img decoding=\"async\" src=\"http:\/\/ecoquartier-strasbourg.net\/images\/EQS-association\/presse\/icone-lalsace.gif\" alt=\"alt\" \/> L&rsquo;Alsace (20\/08\/2009) : Autopromotion immobili\u00e8re, les pionniers d&rsquo;Eco-logis <img decoding=\"async\" class=\"tb\" src=\"http:\/\/ecoquartier-strasbourg.net\/images\/EQS-association\/presse\/20090820-Lalsace.jpg\" alt=\"alt\" \/><\/p>\n<p><img decoding=\"async\" src=\"http:\/\/ecoquartier-strasbourg.net\/images\/EQS-association\/presse\/icone-20minutes.jpg\" alt=\"alt\" \/> 20 minutes (10\/07\/2009) : A Neudorf, un \u00e9co-logis sort de terre la semaine prochaine <img decoding=\"async\" class=\"tb\" src=\"http:\/\/ecoquartier-strasbourg.net\/images\/EQS-association\/presse\/20090710-20minutes.jpg\" alt=\"alt\" \/><\/p>\n<p><img decoding=\"async\" src=\"http:\/\/ecoquartier-strasbourg.net\/images\/EQS-association\/presse\/icone-dna.gif\" alt=\"alt\" \/> Derni\u00e8res Nouvelles d&rsquo;Alsace (17\/02\/2009) : L&#8217;embl\u00e8me du renouveau <img decoding=\"async\" class=\"tb\" src=\"http:\/\/ecoquartier-strasbourg.net\/images\/EQS-association\/presse\/20090217-DNA.jpg\" alt=\"alt\" \/><\/p>\n<p><img decoding=\"async\" src=\"http:\/\/ecoquartier-strasbourg.net\/images\/EQS-association\/presse\/icone-web.jpg\" alt=\"alt\" \/> bastamag.net (06\/01\/2009) : <small><a href=\"http:\/\/www.bastamag.net\/spip.php?article360\" target=\"_blank\" rel=\"noopener\">Un logement \u00e9colo, collectif et participatif en projet \u00e0 Strasbourg<\/a><\/small><\/p>\n<p><img decoding=\"async\" src=\"http:\/\/ecoquartier-strasbourg.net\/images\/EQS-association\/presse\/icone-LePays.png\" alt=\"alt\" \/> Le Pays (12\/2008) : L&rsquo;auto-promotion, nouvelle fa\u00e7on de construire <img decoding=\"async\" class=\"tb\" src=\"http:\/\/ecoquartier-strasbourg.net\/images\/EQS-association\/presse\/200812-LePays.jpg\" alt=\"alt\" \/><\/p>\n<p><img decoding=\"async\" src=\"http:\/\/ecoquartier-strasbourg.net\/images\/EQS-association\/presse\/icone-Agedefaire.jpg\" alt=\"alt\" \/> L&rsquo;Age de faire (11\/2008) : L&rsquo;auto-promotion en bonne voie en Alsace <img decoding=\"async\" class=\"tb\" src=\"http:\/\/ecoquartier-strasbourg.net\/images\/EQS-association\/presse\/2008-11-Agedefaire.jpg\" alt=\"alt\" \/><\/p>\n<p><img decoding=\"async\" src=\"http:\/\/ecoquartier-strasbourg.net\/images\/EQS-association\/presse\/icone-RegionAlsace.jpg\" alt=\"alt\" \/> Region Alsace (11\/2008) : L&rsquo;Alsace, un Grenelle d&rsquo;avance <img decoding=\"async\" class=\"tb\" src=\"http:\/\/ecoquartier-strasbourg.net\/images\/EQS-association\/presse\/200812-RegionAlsace.jpg\" alt=\"alt\" \/><\/p>\n<p><img decoding=\"async\" src=\"http:\/\/ecoquartier-strasbourg.net\/images\/EQS-association\/presse\/icone-lalsace.gif\" alt=\"alt\" \/> L&rsquo;Alsace (20\/11\/2008) : Oser construire ensemble l&rsquo;immeuble qui nous ressemble <img decoding=\"async\" class=\"tb\" src=\"http:\/\/ecoquartier-strasbourg.net\/images\/EQS-association\/presse\/20081120-Lalsace.jpg\" alt=\"alt\" \/><\/p>\n<p><img decoding=\"async\" src=\"http:\/\/ecoquartier-strasbourg.net\/images\/EQS-association\/presse\/icone-20minutes.jpg\" alt=\"alt\" \/> 20 minutes (30\/09\/2008) : Le projet de la ZAC Danube suit son cours <img decoding=\"async\" class=\"tb\" src=\"http:\/\/ecoquartier-strasbourg.net\/images\/EQS-association\/presse\/20080930-20minutes.jpg\" alt=\"alt\" \/><\/p>\n<p><img decoding=\"async\" src=\"http:\/\/ecoquartier-strasbourg.net\/images\/EQS-association\/presse\/icone-LaMaisonEcologique.jpg\" alt=\"alt\" \/> La Maison \u00e9cologique (07\/2008) : La m\u00e9thode Unanimm en rodage sur un site test <img decoding=\"async\" class=\"tb\" src=\"http:\/\/ecoquartier-strasbourg.net\/images\/EQS-association\/presse\/200909-LaMaisonEcolo-a.jpg\" alt=\"alt\" \/><\/p>\n<p><img decoding=\"async\" src=\"http:\/\/ecoquartier-strasbourg.net\/images\/EQS-association\/presse\/icone-dna.gif\" alt=\"alt\" \/> Derni\u00e8res Nouvelles d&rsquo;Alsace (17\/07\/2008) : Les marronniers sauv\u00e9s <img decoding=\"async\" class=\"tb\" src=\"http:\/\/ecoquartier-strasbourg.net\/images\/EQS-association\/presse\/20080717-DNA.jpg\" alt=\"alt\" \/><\/p>\n<p><img decoding=\"async\" src=\"http:\/\/ecoquartier-strasbourg.net\/images\/EQS-association\/presse\/icone-LePoint.jpg\" alt=\"alt\" \/> Le Point (22\/05\/2008) : L&rsquo;habitat en vert <img decoding=\"async\" class=\"tb\" src=\"http:\/\/ecoquartier-strasbourg.net\/images\/EQS-association\/presse\/20080522-LePoint.jpg\" alt=\"alt\" \/><\/p>\n<p><img decoding=\"async\" src=\"http:\/\/ecoquartier-strasbourg.net\/images\/EQS-association\/presse\/icone-dna.gif\" alt=\"alt\" \/> Derni\u00e8res Nouvelles d&rsquo;Alsace (15\/02\/2008) : Vent favorable pour l&rsquo;habitat \u00e9cologique <img decoding=\"async\" class=\"tb\" src=\"http:\/\/ecoquartier-strasbourg.net\/images\/EQS-association\/presse\/20080215-DNA.jpg\" alt=\"alt\" \/><\/p>\n<p><img decoding=\"async\" src=\"http:\/\/ecoquartier-strasbourg.net\/images\/EQS-association\/presse\/icone-20minutes.jpg\" alt=\"alt\" \/> 20 minutes (23\/04\/2007) : Un immeuble vert poussera sur une friche <img decoding=\"async\" class=\"tb\" src=\"http:\/\/ecoquartier-strasbourg.net\/images\/EQS-association\/presse\/20070423-20minutes.jpg\" alt=\"alt\" \/><\/p>\n<p><img decoding=\"async\" src=\"http:\/\/ecoquartier-strasbourg.net\/images\/EQS-association\/presse\/icone-dna.gif\" alt=\"alt\" \/> Derni\u00e8res Nouvelles d&rsquo;Alsace (14\/04\/2007) : Petits immeubles entre amis <img decoding=\"async\" class=\"tb\" src=\"http:\/\/ecoquartier-strasbourg.net\/images\/EQS-association\/presse\/20070414-DNA.jpg\" alt=\"alt\" \/><\/p>\n<p><img decoding=\"async\" src=\"http:\/\/ecoquartier-strasbourg.net\/images\/EQS-association\/presse\/icone-dna.gif\" alt=\"alt\" \/> Derni\u00e8res Nouvelles d&rsquo;Alsace (22\/10\/2006) : 625 logements sur les rails <img decoding=\"async\" class=\"tb\" src=\"http:\/\/ecoquartier-strasbourg.net\/images\/EQS-association\/presse\/20061022-DNA.jpg\" alt=\"alt\" \/><\/p>\n<p><img decoding=\"async\" src=\"http:\/\/ecoquartier-strasbourg.net\/images\/EQS-association\/presse\/icone-UrbaArdenneLorraine.jpg\" alt=\"alt\" \/> Maison de l&rsquo;urbanisme Lorraine Ardenne : Bulletin de liaison (2006) <img decoding=\"async\" class=\"tb\" src=\"http:\/\/ecoquartier-strasbourg.net\/images\/EQS-association\/presse\/200712-UrbaArdenneLorraine.jpg\" alt=\"alt\" \/><\/p>\n<p><img decoding=\"async\" src=\"http:\/\/ecoquartier-strasbourg.net\/images\/EQS-association\/presse\/icone-dna.gif\" alt=\"alt\" \/> Derni\u00e8res Nouvelles d&rsquo;Alsace (15\/03\/2006) : Ma maison \u00e9colo <img decoding=\"async\" class=\"tb\" src=\"http:\/\/ecoquartier-strasbourg.net\/images\/EQS-association\/presse\/20060310-DNA.jpg\" alt=\"alt\" \/><\/p>\n<p><img decoding=\"async\" src=\"http:\/\/ecoquartier-strasbourg.net\/images\/EQS-association\/presse\/icone-lalsace.gif\" alt=\"alt\" \/> L&rsquo;Alsace (08\/10\/2005) : Un nouveau mode de vie collectif en Alsace<\/p>\n<p><img decoding=\"async\" src=\"http:\/\/ecoquartier-strasbourg.net\/images\/EQS-association\/presse\/icone-dna.gif\" alt=\"alt\" \/> Derni\u00e8res Nouvelles d&rsquo;Alsace (01\/07\/2005) : Habitat durable, un projet prim\u00e9 \u00e0 Strasbourg <img decoding=\"async\" class=\"tb\" src=\"http:\/\/ecoquartier-strasbourg.net\/images\/EQS-association\/presse\/20050701-DNA.jpg\" alt=\"alt\" \/><\/p>\n<p><img decoding=\"async\" src=\"http:\/\/ecoquartier-strasbourg.net\/images\/EQS-association\/presse\/icone-20minutes.jpg\" alt=\"alt\" \/> 20 minutes (05\/12\/2002) : L&rsquo;immeuble \u00e9colo attendu pour 2007 <img decoding=\"async\" class=\"tb\" src=\"http:\/\/ecoquartier-strasbourg.net\/images\/EQS-association\/presse\/2005-12-02-20minutes.jpg\" alt=\"alt\" \/><\/p>\n<p>Vivacit\u00e9 (14\/05\/2001) : Un il\u00f4t en herbe <img decoding=\"async\" class=\"tb\" src=\"http:\/\/ecoquartier-strasbourg.net\/images\/EQS-association\/presse\/200504-Vivacite.jpg\" alt=\"alt\" \/><\/p>\n<div class=\"items-leading\"><\/div>\n<\/div>","protected":false},"excerpt":{"rendered":"<p>La presse parle de nous metropolitiques.eu (06\/02\/2012) : L\u2019invention de l\u2019autopromotion \u00e0 Strasbourg ducotedechezvous.com (11\/2011) : Vivre autrement, enqu\u00eate sur les habitats group\u00e9s 28 juin 2011 : Tribune parue dans les Derni\u00e8res Nouvelles d&rsquo;Alsace cliquer sur l&rsquo;image pour l&rsquo;agrandir Juillet-ao\u00fbt 2011 : Dossier \u00ab\u00a0Cohabitat : les nouvelles communaut\u00e9s\u00a0\u00bb du magazine\u2026<\/p>\n<p> <a class=\"continue-reading-link\" href=\"https:\/\/www.ecoquartier-strasbourg.fr\/index.php\/presse\/\"><span>Lire la suite<\/span><i class=\"crycon-right-dir\"><\/i><\/a> <\/p>\n","protected":false},"author":1,"featured_media":0,"parent":0,"menu_order":0,"comment_status":"closed","ping_status":"closed","template":"","meta":{"footnotes":""},"yoast_head":"<!-- This site is optimized with the Yoast SEO plugin v22.6 - https:\/\/yoast.com\/wordpress\/plugins\/seo\/ -->\n<title>Presse - Eco-quartier Strasbourg<\/title>\n<meta name=\"robots\" content=\"index, follow, max-snippet:-1, max-image-preview:large, max-video-preview:-1\" \/>\n<link rel=\"canonical\" href=\"https:\/\/www.ecoquartier-strasbourg.fr\/index.php\/presse\/\" \/>\n<meta property=\"og:locale\" content=\"fr_FR\" \/>\n<meta property=\"og:type\" content=\"article\" \/>\n<meta property=\"og:title\" content=\"Presse - Eco-quartier Strasbourg\" \/>\n<meta property=\"og:description\" content=\"La presse parle de nous metropolitiques.eu (06\/02\/2012) : L\u2019invention de l\u2019autopromotion \u00e0 Strasbourg ducotedechezvous.com (11\/2011) : Vivre autrement, enqu\u00eate sur les habitats group\u00e9s 28 juin 2011 : Tribune parue dans les Derni\u00e8res Nouvelles d&rsquo;Alsace cliquer sur l&rsquo;image pour l&rsquo;agrandir Juillet-ao\u00fbt 2011 : Dossier \u00ab\u00a0Cohabitat : les nouvelles communaut\u00e9s\u00a0\u00bb du magazine\u2026 Lire la suite\" \/>\n<meta property=\"og:url\" content=\"https:\/\/www.ecoquartier-strasbourg.fr\/index.php\/presse\/\" \/>\n<meta property=\"og:site_name\" content=\"Eco-quartier Strasbourg\" \/>\n<meta property=\"article:publisher\" content=\"https:\/\/www.facebook.com\/ecoquartierstras\/\" \/>\n<meta property=\"article:modified_time\" content=\"2017-09-05T12:30:07+00:00\" \/>\n<meta property=\"og:image\" content=\"http:\/\/ecoquartier-strasbourg.net\/images\/EQS-association\/presse\/icone-web.jpg\" \/>\n<meta name=\"twitter:card\" content=\"summary_large_image\" \/>\n<meta name=\"twitter:label1\" content=\"Dur\u00e9e de lecture estim\u00e9e\" \/>\n\t<meta name=\"twitter:data1\" content=\"2 minutes\" \/>\n<script type=\"application\/ld+json\" class=\"yoast-schema-graph\">{\"@context\":\"https:\/\/schema.org\",\"@graph\":[{\"@type\":\"WebPage\",\"@id\":\"https:\/\/www.ecoquartier-strasbourg.fr\/index.php\/presse\/\",\"url\":\"https:\/\/www.ecoquartier-strasbourg.fr\/index.php\/presse\/\",\"name\":\"Presse - Eco-quartier Strasbourg\",\"isPartOf\":{\"@id\":\"http:\/\/www.ecoquartier-strasbourg.fr\/#website\"},\"primaryImageOfPage\":{\"@id\":\"https:\/\/www.ecoquartier-strasbourg.fr\/index.php\/presse\/#primaryimage\"},\"image\":{\"@id\":\"https:\/\/www.ecoquartier-strasbourg.fr\/index.php\/presse\/#primaryimage\"},\"thumbnailUrl\":\"http:\/\/ecoquartier-strasbourg.net\/images\/EQS-association\/presse\/icone-web.jpg\",\"datePublished\":\"2017-06-21T08:43:57+00:00\",\"dateModified\":\"2017-09-05T12:30:07+00:00\",\"breadcrumb\":{\"@id\":\"https:\/\/www.ecoquartier-strasbourg.fr\/index.php\/presse\/#breadcrumb\"},\"inLanguage\":\"fr-FR\",\"potentialAction\":[{\"@type\":\"ReadAction\",\"target\":[\"https:\/\/www.ecoquartier-strasbourg.fr\/index.php\/presse\/\"]}]},{\"@type\":\"ImageObject\",\"inLanguage\":\"fr-FR\",\"@id\":\"https:\/\/www.ecoquartier-strasbourg.fr\/index.php\/presse\/#primaryimage\",\"url\":\"http:\/\/ecoquartier-strasbourg.net\/images\/EQS-association\/presse\/icone-web.jpg\",\"contentUrl\":\"http:\/\/ecoquartier-strasbourg.net\/images\/EQS-association\/presse\/icone-web.jpg\"},{\"@type\":\"BreadcrumbList\",\"@id\":\"https:\/\/www.ecoquartier-strasbourg.fr\/index.php\/presse\/#breadcrumb\",\"itemListElement\":[{\"@type\":\"ListItem\",\"position\":1,\"name\":\"Accueil\",\"item\":\"http:\/\/www.ecoquartier-strasbourg.fr\/\"},{\"@type\":\"ListItem\",\"position\":2,\"name\":\"Presse\"}]},{\"@type\":\"WebSite\",\"@id\":\"http:\/\/www.ecoquartier-strasbourg.fr\/#website\",\"url\":\"http:\/\/www.ecoquartier-strasbourg.fr\/\",\"name\":\"Eco-quartier Strasbourg\",\"description\":\"association citoyenne pour un mode de vie durable et \u00e9conome en ressources\",\"publisher\":{\"@id\":\"http:\/\/www.ecoquartier-strasbourg.fr\/#organization\"},\"potentialAction\":[{\"@type\":\"SearchAction\",\"target\":{\"@type\":\"EntryPoint\",\"urlTemplate\":\"http:\/\/www.ecoquartier-strasbourg.fr\/?s={search_term_string}\"},\"query-input\":\"required name=search_term_string\"}],\"inLanguage\":\"fr-FR\"},{\"@type\":\"Organization\",\"@id\":\"http:\/\/www.ecoquartier-strasbourg.fr\/#organization\",\"name\":\"Eco-Quartier Strasbourg\",\"url\":\"http:\/\/www.ecoquartier-strasbourg.fr\/\",\"logo\":{\"@type\":\"ImageObject\",\"inLanguage\":\"fr-FR\",\"@id\":\"http:\/\/www.ecoquartier-strasbourg.fr\/#\/schema\/logo\/image\/\",\"url\":\"https:\/\/www.ecoquartier-strasbourg.fr\/wp-content\/uploads\/2017\/06\/ROND-LOGO-EQS.png\",\"contentUrl\":\"https:\/\/www.ecoquartier-strasbourg.fr\/wp-content\/uploads\/2017\/06\/ROND-LOGO-EQS.png\",\"width\":284,\"height\":283,\"caption\":\"Eco-Quartier Strasbourg\"},\"image\":{\"@id\":\"http:\/\/www.ecoquartier-strasbourg.fr\/#\/schema\/logo\/image\/\"},\"sameAs\":[\"https:\/\/www.facebook.com\/ecoquartierstras\/\",\"https:\/\/www.youtube.com\/channel\/UCiBoGfYTElpjX9ESJJPeY3g\/playlists\"]}]}<\/script>\n<!-- \/ Yoast SEO plugin. -->","yoast_head_json":{"title":"Presse - Eco-quartier Strasbourg","robots":{"index":"index","follow":"follow","max-snippet":"max-snippet:-1","max-image-preview":"max-image-preview:large","max-video-preview":"max-video-preview:-1"},"canonical":"https:\/\/www.ecoquartier-strasbourg.fr\/index.php\/presse\/","og_locale":"fr_FR","og_type":"article","og_title":"Presse - Eco-quartier Strasbourg","og_description":"La presse parle de nous metropolitiques.eu (06\/02\/2012) : L\u2019invention de l\u2019autopromotion \u00e0 Strasbourg ducotedechezvous.com (11\/2011) : Vivre autrement, enqu\u00eate sur les habitats group\u00e9s 28 juin 2011 : Tribune parue dans les Derni\u00e8res Nouvelles d&rsquo;Alsace cliquer sur l&rsquo;image pour l&rsquo;agrandir Juillet-ao\u00fbt 2011 : Dossier \u00ab\u00a0Cohabitat : les nouvelles communaut\u00e9s\u00a0\u00bb du magazine\u2026 Lire la suite","og_url":"https:\/\/www.ecoquartier-strasbourg.fr\/index.php\/presse\/","og_site_name":"Eco-quartier Strasbourg","article_publisher":"https:\/\/www.facebook.com\/ecoquartierstras\/","article_modified_time":"2017-09-05T12:30:07+00:00","og_image":[{"url":"http:\/\/ecoquartier-strasbourg.net\/images\/EQS-association\/presse\/icone-web.jpg"}],"twitter_card":"summary_large_image","twitter_misc":{"Dur\u00e9e de lecture estim\u00e9e":"2 minutes"},"schema":{"@context":"https:\/\/schema.org","@graph":[{"@type":"WebPage","@id":"https:\/\/www.ecoquartier-strasbourg.fr\/index.php\/presse\/","url":"https:\/\/www.ecoquartier-strasbourg.fr\/index.php\/presse\/","name":"Presse - Eco-quartier Strasbourg","isPartOf":{"@id":"http:\/\/www.ecoquartier-strasbourg.fr\/#website"},"primaryImageOfPage":{"@id":"https:\/\/www.ecoquartier-strasbourg.fr\/index.php\/presse\/#primaryimage"},"image":{"@id":"https:\/\/www.ecoquartier-strasbourg.fr\/index.php\/presse\/#primaryimage"},"thumbnailUrl":"http:\/\/ecoquartier-strasbourg.net\/images\/EQS-association\/presse\/icone-web.jpg","datePublished":"2017-06-21T08:43:57+00:00","dateModified":"2017-09-05T12:30:07+00:00","breadcrumb":{"@id":"https:\/\/www.ecoquartier-strasbourg.fr\/index.php\/presse\/#breadcrumb"},"inLanguage":"fr-FR","potentialAction":[{"@type":"ReadAction","target":["https:\/\/www.ecoquartier-strasbourg.fr\/index.php\/presse\/"]}]},{"@type":"ImageObject","inLanguage":"fr-FR","@id":"https:\/\/www.ecoquartier-strasbourg.fr\/index.php\/presse\/#primaryimage","url":"http:\/\/ecoquartier-strasbourg.net\/images\/EQS-association\/presse\/icone-web.jpg","contentUrl":"http:\/\/ecoquartier-strasbourg.net\/images\/EQS-association\/presse\/icone-web.jpg"},{"@type":"BreadcrumbList","@id":"https:\/\/www.ecoquartier-strasbourg.fr\/index.php\/presse\/#breadcrumb","itemListElement":[{"@type":"ListItem","position":1,"name":"Accueil","item":"http:\/\/www.ecoquartier-strasbourg.fr\/"},{"@type":"ListItem","position":2,"name":"Presse"}]},{"@type":"WebSite","@id":"http:\/\/www.ecoquartier-strasbourg.fr\/#website","url":"http:\/\/www.ecoquartier-strasbourg.fr\/","name":"Eco-quartier Strasbourg","description":"association citoyenne pour un mode de vie durable et \u00e9conome en ressources","publisher":{"@id":"http:\/\/www.ecoquartier-strasbourg.fr\/#organization"},"potentialAction":[{"@type":"SearchAction","target":{"@type":"EntryPoint","urlTemplate":"http:\/\/www.ecoquartier-strasbourg.fr\/?s={search_term_string}"},"query-input":"required name=search_term_string"}],"inLanguage":"fr-FR"},{"@type":"Organization","@id":"http:\/\/www.ecoquartier-strasbourg.fr\/#organization","name":"Eco-Quartier Strasbourg","url":"http:\/\/www.ecoquartier-strasbourg.fr\/","logo":{"@type":"ImageObject","inLanguage":"fr-FR","@id":"http:\/\/www.ecoquartier-strasbourg.fr\/#\/schema\/logo\/image\/","url":"https:\/\/www.ecoquartier-strasbourg.fr\/wp-content\/uploads\/2017\/06\/ROND-LOGO-EQS.png","contentUrl":"https:\/\/www.ecoquartier-strasbourg.fr\/wp-content\/uploads\/2017\/06\/ROND-LOGO-EQS.png","width":284,"height":283,"caption":"Eco-Quartier Strasbourg"},"image":{"@id":"http:\/\/www.ecoquartier-strasbourg.fr\/#\/schema\/logo\/image\/"},"sameAs":["https:\/\/www.facebook.com\/ecoquartierstras\/","https:\/\/www.youtube.com\/channel\/UCiBoGfYTElpjX9ESJJPeY3g\/playlists"]}]}},"_links":{"self":[{"href":"https:\/\/www.ecoquartier-strasbourg.fr\/index.php\/wp-json\/wp\/v2\/pages\/170"}],"collection":[{"href":"https:\/\/www.ecoquartier-strasbourg.fr\/index.php\/wp-json\/wp\/v2\/pages"}],"about":[{"href":"https:\/\/www.ecoquartier-strasbourg.fr\/index.php\/wp-json\/wp\/v2\/types\/page"}],"author":[{"embeddable":true,"href":"https:\/\/www.ecoquartier-strasbourg.fr\/index.php\/wp-json\/wp\/v2\/users\/1"}],"replies":[{"embeddable":true,"href":"https:\/\/www.ecoquartier-strasbourg.fr\/index.php\/wp-json\/wp\/v2\/comments?post=170"}],"version-history":[{"count":6,"href":"https:\/\/www.ecoquartier-strasbourg.fr\/index.php\/wp-json\/wp\/v2\/pages\/170\/revisions"}],"predecessor-version":[{"id":392,"href":"https:\/\/www.ecoquartier-strasbourg.fr\/index.php\/wp-json\/wp\/v2\/pages\/170\/revisions\/392"}],"wp:attachment":[{"href":"https:\/\/www.ecoquartier-strasbourg.fr\/index.php\/wp-json\/wp\/v2\/media?parent=170"}],"curies":[{"name":"wp","href":"https:\/\/api.w.org\/{rel}","templated":true}]}}