{"id":164,"date":"2017-06-21T10:43:57","date_gmt":"2017-06-21T08:43:57","guid":{"rendered":"http:\/\/www.ecoquartier-strasbourg.fr\/?page_id=164"},"modified":"2018-01-31T16:28:05","modified_gmt":"2018-01-31T15:28:05","slug":"genese","status":"publish","type":"page","link":"https:\/\/www.ecoquartier-strasbourg.fr\/index.php\/genese\/","title":{"rendered":"Gen\u00e8se"},"content":{"rendered":"<div class=\"mpl-content-wrap\"><h1>Gen\u00e8se de l&rsquo;association Eco-Quartier Strasbourg<img decoding=\"async\" loading=\"lazy\" class=\"aligncenter wp-image-807 size-large\" src=\"http:\/\/www.ecoquartier-strasbourg.fr\/wp-content\/uploads\/2018\/01\/Gene\u0300se-association-01-724x1024.png\" alt=\"\" width=\"724\" height=\"1024\" srcset=\"https:\/\/www.ecoquartier-strasbourg.fr\/wp-content\/uploads\/2018\/01\/Gene\u0300se-association-01-724x1024.png 724w, https:\/\/www.ecoquartier-strasbourg.fr\/wp-content\/uploads\/2018\/01\/Gene\u0300se-association-01-212x300.png 212w, https:\/\/www.ecoquartier-strasbourg.fr\/wp-content\/uploads\/2018\/01\/Gene\u0300se-association-01-768x1086.png 768w, https:\/\/www.ecoquartier-strasbourg.fr\/wp-content\/uploads\/2018\/01\/Gene\u0300se-association-01-106x150.png 106w, https:\/\/www.ecoquartier-strasbourg.fr\/wp-content\/uploads\/2018\/01\/Gene\u0300se-association-01.png 1754w\" sizes=\"(max-width: 724px) 100vw, 724px\" \/><\/h1>\n<p>Historique de l&rsquo;association Eco-Quartier Strasbourg : fond\u00e9e en 2001, les \u00e9tapes de sa diversification autour de l&rsquo;habitat participatif, des modes de vie durable et des initiatives citoyennes.<\/p>\n<\/div>","protected":false},"excerpt":{"rendered":"<p>Gen\u00e8se de l&rsquo;association Eco-Quartier Strasbourg Historique de l&rsquo;association Eco-Quartier Strasbourg : fond\u00e9e en 2001, les \u00e9tapes de sa diversification autour de l&rsquo;habitat participatif, des modes de vie durable et des initiatives citoyennes.<\/p>\n<p> <a class=\"continue-reading-link\" href=\"https:\/\/www.ecoquartier-strasbourg.fr\/index.php\/genese\/\"><span>Lire la suite<\/span><i class=\"crycon-right-dir\"><\/i><\/a> <\/p>\n","protected":false},"author":1,"featured_media":0,"parent":0,"menu_order":0,"comment_status":"closed","ping_status":"closed","template":"","meta":{"footnotes":""},"yoast_head":"<!-- This site is optimized with the Yoast SEO plugin v22.6 - https:\/\/yoast.com\/wordpress\/plugins\/seo\/ -->\n<title>Gen\u00e8se - Eco-quartier Strasbourg<\/title>\n<meta name=\"description\" content=\"Historique de l&#039;association Eco-Quartier Strasbourg fond\u00e9e en 2001, les \u00e9tapes de sa diversification autour de l&#039;habitat participatif, des modes de vie durable et des initiatives citoyennes.\" \/>\n<meta name=\"robots\" content=\"index, follow, max-snippet:-1, max-image-preview:large, max-video-preview:-1\" \/>\n<link rel=\"canonical\" href=\"https:\/\/www.ecoquartier-strasbourg.fr\/index.php\/genese\/\" \/>\n<meta property=\"og:locale\" content=\"fr_FR\" \/>\n<meta property=\"og:type\" content=\"article\" \/>\n<meta property=\"og:title\" content=\"Gen\u00e8se - Eco-quartier Strasbourg\" \/>\n<meta property=\"og:description\" content=\"Historique de l&#039;association Eco-Quartier Strasbourg fond\u00e9e en 2001, les \u00e9tapes de sa diversification autour de l&#039;habitat participatif, des modes de vie durable et des initiatives citoyennes.\" \/>\n<meta property=\"og:url\" content=\"https:\/\/www.ecoquartier-strasbourg.fr\/index.php\/genese\/\" \/>\n<meta property=\"og:site_name\" content=\"Eco-quartier Strasbourg\" \/>\n<meta property=\"article:publisher\" content=\"https:\/\/www.facebook.com\/ecoquartierstras\/\" \/>\n<meta property=\"article:modified_time\" content=\"2018-01-31T15:28:05+00:00\" \/>\n<meta name=\"twitter:card\" content=\"summary_large_image\" \/>\n<script type=\"application\/ld+json\" class=\"yoast-schema-graph\">{\"@context\":\"https:\/\/schema.org\",\"@graph\":[{\"@type\":\"WebPage\",\"@id\":\"https:\/\/www.ecoquartier-strasbourg.fr\/index.php\/genese\/\",\"url\":\"https:\/\/www.ecoquartier-strasbourg.fr\/index.php\/genese\/\",\"name\":\"Gen\u00e8se - Eco-quartier Strasbourg\",\"isPartOf\":{\"@id\":\"http:\/\/www.ecoquartier-strasbourg.fr\/#website\"},\"datePublished\":\"2017-06-21T08:43:57+00:00\",\"dateModified\":\"2018-01-31T15:28:05+00:00\",\"description\":\"Historique de l'association Eco-Quartier Strasbourg fond\u00e9e en 2001, les \u00e9tapes de sa diversification autour de l'habitat participatif, des modes de vie durable et des initiatives citoyennes.\",\"breadcrumb\":{\"@id\":\"https:\/\/www.ecoquartier-strasbourg.fr\/index.php\/genese\/#breadcrumb\"},\"inLanguage\":\"fr-FR\",\"potentialAction\":[{\"@type\":\"ReadAction\",\"target\":[\"https:\/\/www.ecoquartier-strasbourg.fr\/index.php\/genese\/\"]}]},{\"@type\":\"BreadcrumbList\",\"@id\":\"https:\/\/www.ecoquartier-strasbourg.fr\/index.php\/genese\/#breadcrumb\",\"itemListElement\":[{\"@type\":\"ListItem\",\"position\":1,\"name\":\"Accueil\",\"item\":\"http:\/\/www.ecoquartier-strasbourg.fr\/\"},{\"@type\":\"ListItem\",\"position\":2,\"name\":\"Gen\u00e8se\"}]},{\"@type\":\"WebSite\",\"@id\":\"http:\/\/www.ecoquartier-strasbourg.fr\/#website\",\"url\":\"http:\/\/www.ecoquartier-strasbourg.fr\/\",\"name\":\"Eco-quartier Strasbourg\",\"description\":\"association citoyenne pour un mode de vie durable et \u00e9conome en ressources\",\"publisher\":{\"@id\":\"http:\/\/www.ecoquartier-strasbourg.fr\/#organization\"},\"potentialAction\":[{\"@type\":\"SearchAction\",\"target\":{\"@type\":\"EntryPoint\",\"urlTemplate\":\"http:\/\/www.ecoquartier-strasbourg.fr\/?s={search_term_string}\"},\"query-input\":\"required name=search_term_string\"}],\"inLanguage\":\"fr-FR\"},{\"@type\":\"Organization\",\"@id\":\"http:\/\/www.ecoquartier-strasbourg.fr\/#organization\",\"name\":\"Eco-Quartier Strasbourg\",\"url\":\"http:\/\/www.ecoquartier-strasbourg.fr\/\",\"logo\":{\"@type\":\"ImageObject\",\"inLanguage\":\"fr-FR\",\"@id\":\"http:\/\/www.ecoquartier-strasbourg.fr\/#\/schema\/logo\/image\/\",\"url\":\"https:\/\/www.ecoquartier-strasbourg.fr\/wp-content\/uploads\/2017\/06\/ROND-LOGO-EQS.png\",\"contentUrl\":\"https:\/\/www.ecoquartier-strasbourg.fr\/wp-content\/uploads\/2017\/06\/ROND-LOGO-EQS.png\",\"width\":284,\"height\":283,\"caption\":\"Eco-Quartier Strasbourg\"},\"image\":{\"@id\":\"http:\/\/www.ecoquartier-strasbourg.fr\/#\/schema\/logo\/image\/\"},\"sameAs\":[\"https:\/\/www.facebook.com\/ecoquartierstras\/\",\"https:\/\/www.youtube.com\/channel\/UCiBoGfYTElpjX9ESJJPeY3g\/playlists\"]}]}<\/script>\n<!-- \/ Yoast SEO plugin. -->","yoast_head_json":{"title":"Gen\u00e8se - Eco-quartier Strasbourg","description":"Historique de l'association Eco-Quartier Strasbourg fond\u00e9e en 2001, les \u00e9tapes de sa diversification autour de l'habitat participatif, des modes de vie durable et des initiatives citoyennes.","robots":{"index":"index","follow":"follow","max-snippet":"max-snippet:-1","max-image-preview":"max-image-preview:large","max-video-preview":"max-video-preview:-1"},"canonical":"https:\/\/www.ecoquartier-strasbourg.fr\/index.php\/genese\/","og_locale":"fr_FR","og_type":"article","og_title":"Gen\u00e8se - Eco-quartier Strasbourg","og_description":"Historique de l'association Eco-Quartier Strasbourg fond\u00e9e en 2001, les \u00e9tapes de sa diversification autour de l'habitat participatif, des modes de vie durable et des initiatives citoyennes.","og_url":"https:\/\/www.ecoquartier-strasbourg.fr\/index.php\/genese\/","og_site_name":"Eco-quartier Strasbourg","article_publisher":"https:\/\/www.facebook.com\/ecoquartierstras\/","article_modified_time":"2018-01-31T15:28:05+00:00","twitter_card":"summary_large_image","schema":{"@context":"https:\/\/schema.org","@graph":[{"@type":"WebPage","@id":"https:\/\/www.ecoquartier-strasbourg.fr\/index.php\/genese\/","url":"https:\/\/www.ecoquartier-strasbourg.fr\/index.php\/genese\/","name":"Gen\u00e8se - Eco-quartier Strasbourg","isPartOf":{"@id":"http:\/\/www.ecoquartier-strasbourg.fr\/#website"},"datePublished":"2017-06-21T08:43:57+00:00","dateModified":"2018-01-31T15:28:05+00:00","description":"Historique de l'association Eco-Quartier Strasbourg fond\u00e9e en 2001, les \u00e9tapes de sa diversification autour de l'habitat participatif, des modes de vie durable et des initiatives citoyennes.","breadcrumb":{"@id":"https:\/\/www.ecoquartier-strasbourg.fr\/index.php\/genese\/#breadcrumb"},"inLanguage":"fr-FR","potentialAction":[{"@type":"ReadAction","target":["https:\/\/www.ecoquartier-strasbourg.fr\/index.php\/genese\/"]}]},{"@type":"BreadcrumbList","@id":"https:\/\/www.ecoquartier-strasbourg.fr\/index.php\/genese\/#breadcrumb","itemListElement":[{"@type":"ListItem","position":1,"name":"Accueil","item":"http:\/\/www.ecoquartier-strasbourg.fr\/"},{"@type":"ListItem","position":2,"name":"Gen\u00e8se"}]},{"@type":"WebSite","@id":"http:\/\/www.ecoquartier-strasbourg.fr\/#website","url":"http:\/\/www.ecoquartier-strasbourg.fr\/","name":"Eco-quartier Strasbourg","description":"association citoyenne pour un mode de vie durable et \u00e9conome en ressources","publisher":{"@id":"http:\/\/www.ecoquartier-strasbourg.fr\/#organization"},"potentialAction":[{"@type":"SearchAction","target":{"@type":"EntryPoint","urlTemplate":"http:\/\/www.ecoquartier-strasbourg.fr\/?s={search_term_string}"},"query-input":"required name=search_term_string"}],"inLanguage":"fr-FR"},{"@type":"Organization","@id":"http:\/\/www.ecoquartier-strasbourg.fr\/#organization","name":"Eco-Quartier Strasbourg","url":"http:\/\/www.ecoquartier-strasbourg.fr\/","logo":{"@type":"ImageObject","inLanguage":"fr-FR","@id":"http:\/\/www.ecoquartier-strasbourg.fr\/#\/schema\/logo\/image\/","url":"https:\/\/www.ecoquartier-strasbourg.fr\/wp-content\/uploads\/2017\/06\/ROND-LOGO-EQS.png","contentUrl":"https:\/\/www.ecoquartier-strasbourg.fr\/wp-content\/uploads\/2017\/06\/ROND-LOGO-EQS.png","width":284,"height":283,"caption":"Eco-Quartier Strasbourg"},"image":{"@id":"http:\/\/www.ecoquartier-strasbourg.fr\/#\/schema\/logo\/image\/"},"sameAs":["https:\/\/www.facebook.com\/ecoquartierstras\/","https:\/\/www.youtube.com\/channel\/UCiBoGfYTElpjX9ESJJPeY3g\/playlists"]}]}},"_links":{"self":[{"href":"https:\/\/www.ecoquartier-strasbourg.fr\/index.php\/wp-json\/wp\/v2\/pages\/164"}],"collection":[{"href":"https:\/\/www.ecoquartier-strasbourg.fr\/index.php\/wp-json\/wp\/v2\/pages"}],"about":[{"href":"https:\/\/www.ecoquartier-strasbourg.fr\/index.php\/wp-json\/wp\/v2\/types\/page"}],"author":[{"embeddable":true,"href":"https:\/\/www.ecoquartier-strasbourg.fr\/index.php\/wp-json\/wp\/v2\/users\/1"}],"replies":[{"embeddable":true,"href":"https:\/\/www.ecoquartier-strasbourg.fr\/index.php\/wp-json\/wp\/v2\/comments?post=164"}],"version-history":[{"count":8,"href":"https:\/\/www.ecoquartier-strasbourg.fr\/index.php\/wp-json\/wp\/v2\/pages\/164\/revisions"}],"predecessor-version":[{"id":808,"href":"https:\/\/www.ecoquartier-strasbourg.fr\/index.php\/wp-json\/wp\/v2\/pages\/164\/revisions\/808"}],"wp:attachment":[{"href":"https:\/\/www.ecoquartier-strasbourg.fr\/index.php\/wp-json\/wp\/v2\/media?parent=164"}],"curies":[{"name":"wp","href":"https:\/\/api.w.org\/{rel}","templated":true}]}}