{"id":163,"date":"2017-06-21T10:43:56","date_gmt":"2017-06-21T08:43:56","guid":{"rendered":"http:\/\/www.ecoquartier-strasbourg.fr\/?page_id=163"},"modified":"2020-11-30T09:08:55","modified_gmt":"2020-11-30T08:08:55","slug":"rapport-dactivites","status":"publish","type":"page","link":"https:\/\/www.ecoquartier-strasbourg.fr\/index.php\/rapport-dactivites\/","title":{"rendered":"Rapport d&rsquo;activit\u00e9s"},"content":{"rendered":"<div class=\"mpl-content-wrap\"><p>Vous pouvez visualiser et t\u00e9l\u00e9charger nos <strong>rapports d&rsquo;activit\u00e9s annuels. <\/strong><\/p>\n<p>Peut-\u00eatre cela vous donnera envie de venir \u00e0 notre prochaine Assembl\u00e9e G\u00e9n\u00e9rale !<\/p>\n<p><a href=\"https:\/\/drive.google.com\/file\/d\/1Jl7agiEN2KqC24uw5s49xQxoxpY0hum1\/view?usp=sharing\">Rapport d&rsquo;activit\u00e9s 2019<\/a><\/p>\n<p><a href=\"http:\/\/www.ecoquartier-strasbourg.fr\/wp-content\/uploads\/2020\/08\/EQS_activites2018_orientations2019.docx\">Rapport d&rsquo;activit\u00e9s 2018<\/a><\/p>\n<p><a href=\"http:\/\/www.ecoquartier-strasbourg.fr\/wp-content\/uploads\/2020\/08\/EQS_activites2017_orientations2018-ligt.docx\">Rapport d&rsquo;activit\u00e9s 2017<\/a><\/p>\n<p><a href=\"http:\/\/www.ecoquartier-strasbourg.fr\/wp-content\/uploads\/2017\/06\/EQS_activites2016_orientations2017.pdf\">Rapport d&rsquo;activit\u00e9s 2016<\/a><\/p>\n<p><img decoding=\"async\" loading=\"lazy\" class=\"aligncenter size-large wp-image-407\" src=\"http:\/\/www.ecoquartier-strasbourg.fr\/wp-content\/uploads\/2017\/06\/AG-2017-1024x575.jpg\" alt=\"\" width=\"900\" height=\"505\" srcset=\"https:\/\/www.ecoquartier-strasbourg.fr\/wp-content\/uploads\/2017\/06\/AG-2017-1024x575.jpg 1024w, https:\/\/www.ecoquartier-strasbourg.fr\/wp-content\/uploads\/2017\/06\/AG-2017-300x168.jpg 300w, https:\/\/www.ecoquartier-strasbourg.fr\/wp-content\/uploads\/2017\/06\/AG-2017-768x431.jpg 768w, https:\/\/www.ecoquartier-strasbourg.fr\/wp-content\/uploads\/2017\/06\/AG-2017-150x84.jpg 150w\" sizes=\"(max-width: 900px) 100vw, 900px\" \/><\/p>\n<\/div>","protected":false},"excerpt":{"rendered":"<p>Vous pouvez visualiser et t\u00e9l\u00e9charger nos rapports d&rsquo;activit\u00e9s annuels. Peut-\u00eatre cela vous donnera envie de venir \u00e0 notre prochaine Assembl\u00e9e G\u00e9n\u00e9rale ! Rapport d&rsquo;activit\u00e9s 2019 Rapport d&rsquo;activit\u00e9s 2018 Rapport d&rsquo;activit\u00e9s 2017 Rapport d&rsquo;activit\u00e9s 2016<\/p>\n<p> <a class=\"continue-reading-link\" href=\"https:\/\/www.ecoquartier-strasbourg.fr\/index.php\/rapport-dactivites\/\"><span>Lire la suite<\/span><i class=\"crycon-right-dir\"><\/i><\/a> <\/p>\n","protected":false},"author":1,"featured_media":0,"parent":0,"menu_order":0,"comment_status":"closed","ping_status":"closed","template":"","meta":{"footnotes":""},"yoast_head":"<!-- This site is optimized with the Yoast SEO plugin v22.6 - https:\/\/yoast.com\/wordpress\/plugins\/seo\/ -->\n<title>Rapport d&#039;activit\u00e9s - Eco-quartier Strasbourg<\/title>\n<meta name=\"robots\" content=\"index, follow, max-snippet:-1, max-image-preview:large, max-video-preview:-1\" \/>\n<link rel=\"canonical\" href=\"https:\/\/www.ecoquartier-strasbourg.fr\/index.php\/rapport-dactivites\/\" \/>\n<meta property=\"og:locale\" content=\"fr_FR\" \/>\n<meta property=\"og:type\" content=\"article\" \/>\n<meta property=\"og:title\" content=\"Rapport d&#039;activit\u00e9s - Eco-quartier Strasbourg\" \/>\n<meta property=\"og:description\" content=\"Vous pouvez visualiser et t\u00e9l\u00e9charger nos rapports d&rsquo;activit\u00e9s annuels. Peut-\u00eatre cela vous donnera envie de venir \u00e0 notre prochaine Assembl\u00e9e G\u00e9n\u00e9rale ! Rapport d&rsquo;activit\u00e9s 2019 Rapport d&rsquo;activit\u00e9s 2018 Rapport d&rsquo;activit\u00e9s 2017 Rapport d&rsquo;activit\u00e9s 2016 Lire la suite\" \/>\n<meta property=\"og:url\" content=\"https:\/\/www.ecoquartier-strasbourg.fr\/index.php\/rapport-dactivites\/\" \/>\n<meta property=\"og:site_name\" content=\"Eco-quartier Strasbourg\" \/>\n<meta property=\"article:publisher\" content=\"https:\/\/www.facebook.com\/ecoquartierstras\/\" \/>\n<meta property=\"article:modified_time\" content=\"2020-11-30T08:08:55+00:00\" \/>\n<meta property=\"og:image\" content=\"http:\/\/www.ecoquartier-strasbourg.fr\/wp-content\/uploads\/2017\/06\/AG-2017-1024x575.jpg\" \/>\n<meta name=\"twitter:card\" content=\"summary_large_image\" \/>\n<script type=\"application\/ld+json\" class=\"yoast-schema-graph\">{\"@context\":\"https:\/\/schema.org\",\"@graph\":[{\"@type\":\"WebPage\",\"@id\":\"https:\/\/www.ecoquartier-strasbourg.fr\/index.php\/rapport-dactivites\/\",\"url\":\"https:\/\/www.ecoquartier-strasbourg.fr\/index.php\/rapport-dactivites\/\",\"name\":\"Rapport d'activit\u00e9s - Eco-quartier Strasbourg\",\"isPartOf\":{\"@id\":\"http:\/\/www.ecoquartier-strasbourg.fr\/#website\"},\"primaryImageOfPage\":{\"@id\":\"https:\/\/www.ecoquartier-strasbourg.fr\/index.php\/rapport-dactivites\/#primaryimage\"},\"image\":{\"@id\":\"https:\/\/www.ecoquartier-strasbourg.fr\/index.php\/rapport-dactivites\/#primaryimage\"},\"thumbnailUrl\":\"http:\/\/www.ecoquartier-strasbourg.fr\/wp-content\/uploads\/2017\/06\/AG-2017-1024x575.jpg\",\"datePublished\":\"2017-06-21T08:43:56+00:00\",\"dateModified\":\"2020-11-30T08:08:55+00:00\",\"breadcrumb\":{\"@id\":\"https:\/\/www.ecoquartier-strasbourg.fr\/index.php\/rapport-dactivites\/#breadcrumb\"},\"inLanguage\":\"fr-FR\",\"potentialAction\":[{\"@type\":\"ReadAction\",\"target\":[\"https:\/\/www.ecoquartier-strasbourg.fr\/index.php\/rapport-dactivites\/\"]}]},{\"@type\":\"ImageObject\",\"inLanguage\":\"fr-FR\",\"@id\":\"https:\/\/www.ecoquartier-strasbourg.fr\/index.php\/rapport-dactivites\/#primaryimage\",\"url\":\"https:\/\/www.ecoquartier-strasbourg.fr\/wp-content\/uploads\/2017\/06\/AG-2017.jpg\",\"contentUrl\":\"https:\/\/www.ecoquartier-strasbourg.fr\/wp-content\/uploads\/2017\/06\/AG-2017.jpg\",\"width\":4160,\"height\":2336},{\"@type\":\"BreadcrumbList\",\"@id\":\"https:\/\/www.ecoquartier-strasbourg.fr\/index.php\/rapport-dactivites\/#breadcrumb\",\"itemListElement\":[{\"@type\":\"ListItem\",\"position\":1,\"name\":\"Accueil\",\"item\":\"http:\/\/www.ecoquartier-strasbourg.fr\/\"},{\"@type\":\"ListItem\",\"position\":2,\"name\":\"Rapport d&rsquo;activit\u00e9s\"}]},{\"@type\":\"WebSite\",\"@id\":\"http:\/\/www.ecoquartier-strasbourg.fr\/#website\",\"url\":\"http:\/\/www.ecoquartier-strasbourg.fr\/\",\"name\":\"Eco-quartier Strasbourg\",\"description\":\"association citoyenne pour un mode de vie durable et \u00e9conome en ressources\",\"publisher\":{\"@id\":\"http:\/\/www.ecoquartier-strasbourg.fr\/#organization\"},\"potentialAction\":[{\"@type\":\"SearchAction\",\"target\":{\"@type\":\"EntryPoint\",\"urlTemplate\":\"http:\/\/www.ecoquartier-strasbourg.fr\/?s={search_term_string}\"},\"query-input\":\"required name=search_term_string\"}],\"inLanguage\":\"fr-FR\"},{\"@type\":\"Organization\",\"@id\":\"http:\/\/www.ecoquartier-strasbourg.fr\/#organization\",\"name\":\"Eco-Quartier Strasbourg\",\"url\":\"http:\/\/www.ecoquartier-strasbourg.fr\/\",\"logo\":{\"@type\":\"ImageObject\",\"inLanguage\":\"fr-FR\",\"@id\":\"http:\/\/www.ecoquartier-strasbourg.fr\/#\/schema\/logo\/image\/\",\"url\":\"https:\/\/www.ecoquartier-strasbourg.fr\/wp-content\/uploads\/2017\/06\/ROND-LOGO-EQS.png\",\"contentUrl\":\"https:\/\/www.ecoquartier-strasbourg.fr\/wp-content\/uploads\/2017\/06\/ROND-LOGO-EQS.png\",\"width\":284,\"height\":283,\"caption\":\"Eco-Quartier Strasbourg\"},\"image\":{\"@id\":\"http:\/\/www.ecoquartier-strasbourg.fr\/#\/schema\/logo\/image\/\"},\"sameAs\":[\"https:\/\/www.facebook.com\/ecoquartierstras\/\",\"https:\/\/www.youtube.com\/channel\/UCiBoGfYTElpjX9ESJJPeY3g\/playlists\"]}]}<\/script>\n<!-- \/ Yoast SEO plugin. -->","yoast_head_json":{"title":"Rapport d'activit\u00e9s - Eco-quartier Strasbourg","robots":{"index":"index","follow":"follow","max-snippet":"max-snippet:-1","max-image-preview":"max-image-preview:large","max-video-preview":"max-video-preview:-1"},"canonical":"https:\/\/www.ecoquartier-strasbourg.fr\/index.php\/rapport-dactivites\/","og_locale":"fr_FR","og_type":"article","og_title":"Rapport d'activit\u00e9s - Eco-quartier Strasbourg","og_description":"Vous pouvez visualiser et t\u00e9l\u00e9charger nos rapports d&rsquo;activit\u00e9s annuels. Peut-\u00eatre cela vous donnera envie de venir \u00e0 notre prochaine Assembl\u00e9e G\u00e9n\u00e9rale ! Rapport d&rsquo;activit\u00e9s 2019 Rapport d&rsquo;activit\u00e9s 2018 Rapport d&rsquo;activit\u00e9s 2017 Rapport d&rsquo;activit\u00e9s 2016 Lire la suite","og_url":"https:\/\/www.ecoquartier-strasbourg.fr\/index.php\/rapport-dactivites\/","og_site_name":"Eco-quartier Strasbourg","article_publisher":"https:\/\/www.facebook.com\/ecoquartierstras\/","article_modified_time":"2020-11-30T08:08:55+00:00","og_image":[{"url":"http:\/\/www.ecoquartier-strasbourg.fr\/wp-content\/uploads\/2017\/06\/AG-2017-1024x575.jpg"}],"twitter_card":"summary_large_image","schema":{"@context":"https:\/\/schema.org","@graph":[{"@type":"WebPage","@id":"https:\/\/www.ecoquartier-strasbourg.fr\/index.php\/rapport-dactivites\/","url":"https:\/\/www.ecoquartier-strasbourg.fr\/index.php\/rapport-dactivites\/","name":"Rapport d'activit\u00e9s - Eco-quartier Strasbourg","isPartOf":{"@id":"http:\/\/www.ecoquartier-strasbourg.fr\/#website"},"primaryImageOfPage":{"@id":"https:\/\/www.ecoquartier-strasbourg.fr\/index.php\/rapport-dactivites\/#primaryimage"},"image":{"@id":"https:\/\/www.ecoquartier-strasbourg.fr\/index.php\/rapport-dactivites\/#primaryimage"},"thumbnailUrl":"http:\/\/www.ecoquartier-strasbourg.fr\/wp-content\/uploads\/2017\/06\/AG-2017-1024x575.jpg","datePublished":"2017-06-21T08:43:56+00:00","dateModified":"2020-11-30T08:08:55+00:00","breadcrumb":{"@id":"https:\/\/www.ecoquartier-strasbourg.fr\/index.php\/rapport-dactivites\/#breadcrumb"},"inLanguage":"fr-FR","potentialAction":[{"@type":"ReadAction","target":["https:\/\/www.ecoquartier-strasbourg.fr\/index.php\/rapport-dactivites\/"]}]},{"@type":"ImageObject","inLanguage":"fr-FR","@id":"https:\/\/www.ecoquartier-strasbourg.fr\/index.php\/rapport-dactivites\/#primaryimage","url":"https:\/\/www.ecoquartier-strasbourg.fr\/wp-content\/uploads\/2017\/06\/AG-2017.jpg","contentUrl":"https:\/\/www.ecoquartier-strasbourg.fr\/wp-content\/uploads\/2017\/06\/AG-2017.jpg","width":4160,"height":2336},{"@type":"BreadcrumbList","@id":"https:\/\/www.ecoquartier-strasbourg.fr\/index.php\/rapport-dactivites\/#breadcrumb","itemListElement":[{"@type":"ListItem","position":1,"name":"Accueil","item":"http:\/\/www.ecoquartier-strasbourg.fr\/"},{"@type":"ListItem","position":2,"name":"Rapport d&rsquo;activit\u00e9s"}]},{"@type":"WebSite","@id":"http:\/\/www.ecoquartier-strasbourg.fr\/#website","url":"http:\/\/www.ecoquartier-strasbourg.fr\/","name":"Eco-quartier Strasbourg","description":"association citoyenne pour un mode de vie durable et \u00e9conome en ressources","publisher":{"@id":"http:\/\/www.ecoquartier-strasbourg.fr\/#organization"},"potentialAction":[{"@type":"SearchAction","target":{"@type":"EntryPoint","urlTemplate":"http:\/\/www.ecoquartier-strasbourg.fr\/?s={search_term_string}"},"query-input":"required name=search_term_string"}],"inLanguage":"fr-FR"},{"@type":"Organization","@id":"http:\/\/www.ecoquartier-strasbourg.fr\/#organization","name":"Eco-Quartier Strasbourg","url":"http:\/\/www.ecoquartier-strasbourg.fr\/","logo":{"@type":"ImageObject","inLanguage":"fr-FR","@id":"http:\/\/www.ecoquartier-strasbourg.fr\/#\/schema\/logo\/image\/","url":"https:\/\/www.ecoquartier-strasbourg.fr\/wp-content\/uploads\/2017\/06\/ROND-LOGO-EQS.png","contentUrl":"https:\/\/www.ecoquartier-strasbourg.fr\/wp-content\/uploads\/2017\/06\/ROND-LOGO-EQS.png","width":284,"height":283,"caption":"Eco-Quartier Strasbourg"},"image":{"@id":"http:\/\/www.ecoquartier-strasbourg.fr\/#\/schema\/logo\/image\/"},"sameAs":["https:\/\/www.facebook.com\/ecoquartierstras\/","https:\/\/www.youtube.com\/channel\/UCiBoGfYTElpjX9ESJJPeY3g\/playlists"]}]}},"_links":{"self":[{"href":"https:\/\/www.ecoquartier-strasbourg.fr\/index.php\/wp-json\/wp\/v2\/pages\/163"}],"collection":[{"href":"https:\/\/www.ecoquartier-strasbourg.fr\/index.php\/wp-json\/wp\/v2\/pages"}],"about":[{"href":"https:\/\/www.ecoquartier-strasbourg.fr\/index.php\/wp-json\/wp\/v2\/types\/page"}],"author":[{"embeddable":true,"href":"https:\/\/www.ecoquartier-strasbourg.fr\/index.php\/wp-json\/wp\/v2\/users\/1"}],"replies":[{"embeddable":true,"href":"https:\/\/www.ecoquartier-strasbourg.fr\/index.php\/wp-json\/wp\/v2\/comments?post=163"}],"version-history":[{"count":10,"href":"https:\/\/www.ecoquartier-strasbourg.fr\/index.php\/wp-json\/wp\/v2\/pages\/163\/revisions"}],"predecessor-version":[{"id":1031,"href":"https:\/\/www.ecoquartier-strasbourg.fr\/index.php\/wp-json\/wp\/v2\/pages\/163\/revisions\/1031"}],"wp:attachment":[{"href":"https:\/\/www.ecoquartier-strasbourg.fr\/index.php\/wp-json\/wp\/v2\/media?parent=163"}],"curies":[{"name":"wp","href":"https:\/\/api.w.org\/{rel}","templated":true}]}}

Rapport d&rsquo;activités

<div class="mpl-content-wrap"><p>Vous pouvez visualiser et télécharger nos <strong>rapports d&rsquo;activités annuels. </strong></p>
<p>Peut-être cela vous donnera envie de venir à notre prochaine Assemblée Générale !</p>
<p><a href="https://drive.google.com/file/d/1Jl7agiEN2KqC24uw5s49xQxoxpY0hum1/view?usp=sharing">Rapport d&rsquo;activités 2019</a></p>
<p><a href="http://www.ecoquartier-strasbourg.fr/wp-content/uploads/2020/08/EQS_activites2018_orientations2019.docx">Rapport d&rsquo;activités 2018</a></p>
<p><a href="http://www.ecoquartier-strasbourg.fr/wp-content/uploads/2020/08/EQS_activites2017_orientations2018-ligt.docx">Rapport d&rsquo;activités 2017</a></p>
<p><a href="http://www.ecoquartier-strasbourg.fr/wp-content/uploads/2017/06/EQS_activites2016_orientations2017.pdf">Rapport d&rsquo;activités 2016</a></p>
<p><img decoding="async" loading="lazy" class="aligncenter size-large wp-image-407" src="http://www.ecoquartier-strasbourg.fr/wp-content/uploads/2017/06/AG-2017-1024x575.jpg" alt="" width="900" height="505" srcset="https://www.ecoquartier-strasbourg.fr/wp-content/uploads/2017/06/AG-2017-1024x575.jpg 1024w, https://www.ecoquartier-strasbourg.fr/wp-content/uploads/2017/06/AG-2017-300x168.jpg 300w, https://www.ecoquartier-strasbourg.fr/wp-content/uploads/2017/06/AG-2017-768x431.jpg 768w, https://www.ecoquartier-strasbourg.fr/wp-content/uploads/2017/06/AG-2017-150x84.jpg 150w" sizes="(max-width: 900px) 100vw, 900px" /></p>
</div>

<p>Vous pouvez visualiser et télécharger nos rapports d&rsquo;activités annuels. Peut-être cela vous donnera envie de venir à notre prochaine Assemblée Générale ! Rapport d&rsquo;activités 2019 Rapport d&rsquo;activités 2018 Rapport d&rsquo;activités 2017 Rapport d&rsquo;activités 2016</p>
<p> <a class="continue-reading-link" href="https://www.ecoquartier-strasbourg.fr/index.php/rapport-dactivites/"><span>Lire la suite</span><i class="crycon-right-dir"></i></a> </p>

<!-- This site is optimized with the Yoast SEO plugin v22.6 - https://yoast.com/wordpress/plugins/seo/ -->
<title>Rapport d&#039;activités - Eco-quartier Strasbourg</title>
<meta name="robots" content="index, follow, max-snippet:-1, max-image-preview:large, max-video-preview:-1" />
<link rel="canonical" href="https://www.ecoquartier-strasbourg.fr/index.php/rapport-dactivites/" />
<meta property="og:locale" content="fr_FR" />
<meta property="og:type" content="article" />
<meta property="og:title" content="Rapport d&#039;activités - Eco-quartier Strasbourg" />
<meta property="og:description" content="Vous pouvez visualiser et télécharger nos rapports d&rsquo;activités annuels. Peut-être cela vous donnera envie de venir à notre prochaine Assemblée Générale ! Rapport d&rsquo;activités 2019 Rapport d&rsquo;activités 2018 Rapport d&rsquo;activités 2017 Rapport d&rsquo;activités 2016 Lire la suite" />
<meta property="og:url" content="https://www.ecoquartier-strasbourg.fr/index.php/rapport-dactivites/" />
<meta property="og:site_name" content="Eco-quartier Strasbourg" />
<meta property="article:publisher" content="https://www.facebook.com/ecoquartierstras/" />
<meta property="article:modified_time" content="2020-11-30T08:08:55+00:00" />
<meta property="og:image" content="http://www.ecoquartier-strasbourg.fr/wp-content/uploads/2017/06/AG-2017-1024x575.jpg" />
<meta name="twitter:card" content="summary_large_image" />
<script type="application/ld+json" class="yoast-schema-graph">{"@context":"https://schema.org","@graph":[{"@type":"WebPage","@id":"https://www.ecoquartier-strasbourg.fr/index.php/rapport-dactivites/","url":"https://www.ecoquartier-strasbourg.fr/index.php/rapport-dactivites/","name":"Rapport d'activités - Eco-quartier Strasbourg","isPartOf":{"@id":"http://www.ecoquartier-strasbourg.fr/#website"},"primaryImageOfPage":{"@id":"https://www.ecoquartier-strasbourg.fr/index.php/rapport-dactivites/#primaryimage"},"image":{"@id":"https://www.ecoquartier-strasbourg.fr/index.php/rapport-dactivites/#primaryimage"},"thumbnailUrl":"http://www.ecoquartier-strasbourg.fr/wp-content/uploads/2017/06/AG-2017-1024x575.jpg","datePublished":"2017-06-21T08:43:56+00:00","dateModified":"2020-11-30T08:08:55+00:00","breadcrumb":{"@id":"https://www.ecoquartier-strasbourg.fr/index.php/rapport-dactivites/#breadcrumb"},"inLanguage":"fr-FR","potentialAction":[{"@type":"ReadAction","target":["https://www.ecoquartier-strasbourg.fr/index.php/rapport-dactivites/"]}]},{"@type":"ImageObject","inLanguage":"fr-FR","@id":"https://www.ecoquartier-strasbourg.fr/index.php/rapport-dactivites/#primaryimage","url":"https://www.ecoquartier-strasbourg.fr/wp-content/uploads/2017/06/AG-2017.jpg","contentUrl":"https://www.ecoquartier-strasbourg.fr/wp-content/uploads/2017/06/AG-2017.jpg","width":4160,"height":2336},{"@type":"BreadcrumbList","@id":"https://www.ecoquartier-strasbourg.fr/index.php/rapport-dactivites/#breadcrumb","itemListElement":[{"@type":"ListItem","position":1,"name":"Accueil","item":"http://www.ecoquartier-strasbourg.fr/"},{"@type":"ListItem","position":2,"name":"Rapport d&rsquo;activités"}]},{"@type":"WebSite","@id":"http://www.ecoquartier-strasbourg.fr/#website","url":"http://www.ecoquartier-strasbourg.fr/","name":"Eco-quartier Strasbourg","description":"association citoyenne pour un mode de vie durable et économe en ressources","publisher":{"@id":"http://www.ecoquartier-strasbourg.fr/#organization"},"potentialAction":[{"@type":"SearchAction","target":{"@type":"EntryPoint","urlTemplate":"http://www.ecoquartier-strasbourg.fr/?s={search_term_string}"},"query-input":"required name=search_term_string"}],"inLanguage":"fr-FR"},{"@type":"Organization","@id":"http://www.ecoquartier-strasbourg.fr/#organization","name":"Eco-Quartier Strasbourg","url":"http://www.ecoquartier-strasbourg.fr/","logo":{"@type":"ImageObject","inLanguage":"fr-FR","@id":"http://www.ecoquartier-strasbourg.fr/#/schema/logo/image/","url":"https://www.ecoquartier-strasbourg.fr/wp-content/uploads/2017/06/ROND-LOGO-EQS.png","contentUrl":"https://www.ecoquartier-strasbourg.fr/wp-content/uploads/2017/06/ROND-LOGO-EQS.png","width":284,"height":283,"caption":"Eco-Quartier Strasbourg"},"image":{"@id":"http://www.ecoquartier-strasbourg.fr/#/schema/logo/image/"},"sameAs":["https://www.facebook.com/ecoquartierstras/","https://www.youtube.com/channel/UCiBoGfYTElpjX9ESJJPeY3g/playlists"]}]}</script>
<!-- / Yoast SEO plugin. -->

Rapport d'activités - Eco-quartier Strasbourg

Vous pouvez visualiser et télécharger nos rapports d&rsquo;activités annuels. Peut-être cela vous donnera envie de venir à notre prochaine Assemblée Générale ! Rapport d&rsquo;activités 2019 Rapport d&rsquo;activités 2018 Rapport d&rsquo;activités 2017 Rapport d&rsquo;activités 2016 Lire la suite

association citoyenne pour un mode de vie durable et économe en ressources
